Last updated on 2023-11-30 07:52:30 CET.
Flavor | Version | Tinstall | Tcheck | Ttotal | Status | Flags |
---|---|---|---|---|---|---|
r-devel-linux-x86_64-debian-clang | 1.7.7 | 23.46 | 152.69 | 176.15 | NOTE | |
r-devel-linux-x86_64-debian-gcc | 1.7.7 | 17.21 | 113.05 | 130.26 | NOTE | |
r-devel-linux-x86_64-fedora-clang | 1.7.7 | 223.28 | NOTE | |||
r-devel-linux-x86_64-fedora-gcc | 1.7.7 | 212.21 | NOTE | |||
r-devel-windows-x86_64 | 1.7.7 | 20.00 | 138.00 | 158.00 | NOTE | |
r-patched-linux-x86_64 | 1.7.7 | 15.09 | 144.81 | 159.90 | OK | |
r-release-linux-x86_64 | 1.7.7 | 13.99 | 143.44 | 157.43 | OK | |
r-release-macos-arm64 | 1.7.7 | 65.00 | OK | |||
r-release-macos-x86_64 | 1.7.7 | 100.00 | OK | |||
r-release-windows-x86_64 | 1.7.7 | 23.00 | 164.00 | 187.00 | OK | |
r-oldrel-macos-arm64 | 1.7.7 | 57.00 | OK | |||
r-oldrel-macos-x86_64 | 1.7.7 | 87.00 | OK | |||
r-oldrel-windows-x86_64 | 1.7.7 | 25.00 | 158.00 | 183.00 | OK |
Version: 1.7.7
Check: Rd \usage sections
Result: NOTE
Documented arguments not in \usage in Rd file 'calculate_connectivity.Rd':
‘datdf’
Documented arguments not in \usage in Rd file 'dunn_metric.Rd':
‘distance’ ‘method’
Documented arguments not in \usage in Rd file 'evaluate_all_column_dataset.Rd':
‘data’
Documented arguments not in \usage in Rd file 'information_external.Rd':
‘info’
Documented arguments not in \usage in Rd file 'information_internal.Rd':
‘info’
Functions with \usage entries need to have the appropriate \alias
entries, and all their arguments documented.
The \usage entries must correspond to syntactically valid R code.
See chapter ‘Writing R documentation files’ in the ‘Writing R
Extensions’ manual.
Flavors: r-devel-linux-x86_64-debian-clang, r-devel-linux-x86_64-debian-gcc, r-devel-linux-x86_64-fedora-clang, r-devel-linux-x86_64-fedora-gcc, r-devel-windows-x86_64