CRAN Package Check Results for Package CodeDepends

Last updated on 2021-05-09 01:46:48 CEST.

Flavor Version Tinstall Tcheck Ttotal Status Flags
r-devel-linux-x86_64-debian-clang 0.6.5 9.98 83.36 93.34 NOTE
r-devel-linux-x86_64-debian-gcc 0.6.5 8.16 65.24 73.40 NOTE
r-devel-linux-x86_64-fedora-clang 0.6.5 124.60 NOTE
r-devel-linux-x86_64-fedora-gcc 0.6.5 117.38 NOTE
r-devel-windows-ix86+x86_64 0.6.5 20.00 106.00 126.00 OK
r-devel-windows-x86_64-gcc10-UCRT 0.6.5 ERROR
r-patched-linux-x86_64 0.6.5 12.92 81.37 94.29 NOTE
r-patched-solaris-x86 0.6.5 168.10 NOTE
r-release-linux-x86_64 0.6.5 10.24 79.72 89.96 NOTE
r-release-macos-x86_64 0.6.5 OK
r-release-windows-ix86+x86_64 0.6.5 17.00 75.00 92.00 OK
r-oldrel-macos-x86_64 0.6.5 OK
r-oldrel-windows-ix86+x86_64 0.6.5 19.00 4.00 23.00 ERROR

Check Details

Version: 0.6.5
Check: for non-standard things in the check directory
Result: NOTE
    Found the following files/directories:
     'foo.R' 'foo.html'
Flavors: r-devel-linux-x86_64-debian-clang, r-devel-linux-x86_64-debian-gcc, r-devel-linux-x86_64-fedora-clang, r-devel-linux-x86_64-fedora-gcc, r-patched-linux-x86_64, r-patched-solaris-x86, r-release-linux-x86_64

Version: 0.6.5
Check: package dependencies
Result: NOTE
    Package suggested but not available for checking: 'Rgraphviz'
Flavor: r-devel-windows-x86_64-gcc10-UCRT

Version: 0.6.5
Check: tests
Result: ERROR
     Running 'draw.R'
    Running the tests in 'tests/draw.R' failed.
    Complete output:
     > library(CodeDepends)
     > library(Rgraphviz)
     Error in library(Rgraphviz) : there is no package called 'Rgraphviz'
     Execution halted
Flavor: r-devel-windows-x86_64-gcc10-UCRT

Version: 0.6.5
Check: whether package can be installed
Result: ERROR
    Installation failed.
Flavor: r-oldrel-windows-ix86+x86_64