CRAN Package Check Results for Package CondiS

Last updated on 2023-02-07 00:54:12 CET.

Flavor Version Tinstall Tcheck Ttotal Status Flags
r-devel-linux-x86_64-debian-clang 0.1.2 17.17 171.21 188.38 OK
r-devel-linux-x86_64-debian-gcc 0.1.2 11.28 126.56 137.84 OK
r-devel-linux-x86_64-fedora-clang 0.1.2 229.05 NOTE
r-devel-linux-x86_64-fedora-gcc 0.1.2 266.17 NOTE
r-devel-windows-x86_64 0.1.2 19.00 196.00 215.00 OK
r-patched-linux-x86_64 0.1.2 14.01 159.81 173.82 OK
r-release-linux-x86_64 0.1.2 15.12 162.27 177.39 OK
r-release-macos-arm64 0.1.2 57.00 NOTE
r-release-macos-x86_64 0.1.2 99.00 NOTE
r-release-windows-x86_64 0.1.2 20.00 212.00 232.00 OK
r-oldrel-macos-arm64 0.1.2 43.00 NOTE
r-oldrel-macos-x86_64 0.1.2 85.00 NOTE
r-oldrel-windows-ix86+x86_64 0.1.2 38.00 202.00 240.00 OK

Check Details

Version: 0.1.2
Check: dependencies in R code
Result: NOTE
    Namespaces in Imports field not imported from:
     ‘kernlab’ ‘purrr’ ‘survminer’ ‘tidyverse’
     All declared Imports should be used.
Flavors: r-devel-linux-x86_64-fedora-clang, r-devel-linux-x86_64-fedora-gcc, r-release-macos-arm64, r-release-macos-x86_64, r-oldrel-macos-arm64, r-oldrel-macos-x86_64