Last updated on 2023-03-23 06:52:17 CET.
Flavor | Version | Tinstall | Tcheck | Ttotal | Status | Flags |
---|---|---|---|---|---|---|
r-devel-linux-x86_64-debian-clang | 1.0 | 3.05 | 97.14 | 100.19 | OK | |
r-devel-linux-x86_64-debian-gcc | 1.0 | 3.46 | 72.24 | 75.70 | OK | |
r-devel-linux-x86_64-fedora-clang | 1.0 | 130.75 | NOTE | |||
r-devel-linux-x86_64-fedora-gcc | 1.0 | 130.30 | NOTE | |||
r-devel-windows-x86_64 | 1.0 | 57.00 | 133.00 | 190.00 | OK | |
r-patched-linux-x86_64 | 1.0 | 4.07 | 93.24 | 97.31 | OK | |
r-release-linux-x86_64 | 1.0 | 4.06 | 93.92 | 97.98 | OK | |
r-release-macos-arm64 | 1.0 | 36.00 | NOTE | |||
r-release-macos-x86_64 | 1.0 | 53.00 | NOTE | |||
r-release-windows-x86_64 | 1.0 | 87.00 | 126.00 | 213.00 | OK | |
r-oldrel-macos-arm64 | 1.0 | 45.00 | NOTE | |||
r-oldrel-macos-x86_64 | 1.0 | 52.00 | NOTE | |||
r-oldrel-windows-ix86+x86_64 | 1.0 | 9.00 | 128.00 | 137.00 | OK |
Version: 1.0
Check: dependencies in R code
Result: NOTE
Namespace in Imports field not imported from: ‘mvtnorm’
All declared Imports should be used.
Flavors: r-devel-linux-x86_64-fedora-clang, r-devel-linux-x86_64-fedora-gcc, r-release-macos-arm64, r-release-macos-x86_64, r-oldrel-macos-arm64, r-oldrel-macos-x86_64