Last updated on 2023-02-05 01:54:15 CET.
Flavor | Version | Tinstall | Tcheck | Ttotal | Status | Flags |
---|---|---|---|---|---|---|
r-devel-linux-x86_64-debian-clang | 1.0.1 | 29.60 | 191.94 | 221.54 | OK | |
r-devel-linux-x86_64-debian-gcc | 1.0.1 | 18.11 | 145.83 | 163.94 | OK | |
r-devel-linux-x86_64-fedora-clang | 1.0.1 | 292.80 | OK | |||
r-devel-linux-x86_64-fedora-gcc | 1.0.1 | 285.34 | OK | |||
r-devel-windows-x86_64 | 1.0.1 | 400.00 | 233.00 | 633.00 | OK | |
r-patched-linux-x86_64 | 1.0.1 | 22.18 | 187.02 | 209.20 | OK | |
r-release-linux-x86_64 | 1.0.1 | 20.62 | 187.17 | 207.79 | OK | |
r-release-macos-arm64 | 1.0.1 | 77.00 | OK | |||
r-release-macos-x86_64 | 1.0.1 | 101.00 | OK | |||
r-release-windows-x86_64 | 1.0.1 | 432.00 | 236.00 | 668.00 | OK | |
r-oldrel-macos-arm64 | 1.0.1 | 72.00 | OK | |||
r-oldrel-macos-x86_64 | 1.0.1 | 99.00 | OK | |||
r-oldrel-windows-ix86+x86_64 | 1.0.1 | 50.00 | 227.00 | 277.00 | ERROR |
Version: 1.0.1
Check: PDF version of manual
Result: WARN
LaTeX errors when creating PDF version.
This typically indicates Rd problems.
LaTeX errors found:
! Package inputenc Error: Unicode char â<c2><80><c2><90> (U+2010)
(inputenc) not set up for use with LaTeX.
See the inputenc package documentation for explanation.
Type H <return> for immediate help.
! Package inputenc Error: Unicode char â<c2><80><c2><90> (U+2010)
(inputenc) not set up for use with LaTeX.
See the inputenc package documentation for explanation.
Type H <return> for immediate help.
Flavor: r-oldrel-windows-ix86+x86_64
Version: 1.0.1
Check: PDF version of manual without hyperrefs or index
Result: ERROR
Flavor: r-oldrel-windows-ix86+x86_64