CRAN Package Check Results for Package ConsReg

Last updated on 2021-05-09 01:46:48 CEST.

Flavor Version Tinstall Tcheck Ttotal Status Flags
r-devel-linux-x86_64-debian-clang 0.1.0 5.12 50.18 55.30 OK
r-devel-linux-x86_64-debian-gcc 0.1.0 4.25 38.43 42.68 OK
r-devel-linux-x86_64-fedora-clang 0.1.0 81.35 NOTE
r-devel-linux-x86_64-fedora-gcc 0.1.0 71.33 NOTE
r-devel-windows-ix86+x86_64 0.1.0 15.00 105.00 120.00 OK
r-devel-windows-x86_64-gcc10-UCRT 0.1.0 OK
r-patched-linux-x86_64 0.1.0 5.80 49.07 54.87 OK
r-patched-solaris-x86 0.1.0 100.20 OK
r-release-linux-x86_64 0.1.0 5.41 48.48 53.89 OK
r-release-macos-x86_64 0.1.0 OK
r-release-windows-ix86+x86_64 0.1.0 10.00 72.00 82.00 OK
r-oldrel-macos-x86_64 0.1.0 OK
r-oldrel-windows-ix86+x86_64 0.1.0 10.00 93.00 103.00 OK

Check Details

Version: 0.1.0
Check: compiled code
Result: NOTE
    File ‘ConsReg/libs/ConsReg.so’:
     Found no calls to: ‘R_registerRoutines’, ‘R_useDynamicSymbols’
    
    It is good practice to register native routines and to disable symbol
    search.
    
    See ‘Writing portable packages’ in the ‘Writing R Extensions’ manual.
Flavors: r-devel-linux-x86_64-fedora-clang, r-devel-linux-x86_64-fedora-gcc