CRAN Package Check Results for Package CopernicusDEM

Last updated on 2022-06-30 01:49:06 CEST.

Flavor Version Tinstall Tcheck Ttotal Status Flags
r-devel-linux-x86_64-debian-clang 1.0.2 6.05 61.50 67.55 OK
r-devel-linux-x86_64-debian-gcc 1.0.2 4.21 46.78 50.99 OK
r-devel-linux-x86_64-fedora-clang 1.0.2 88.57 NOTE
r-devel-linux-x86_64-fedora-gcc 1.0.2 90.11 OK
r-devel-windows-x86_64 1.0.2 34.00 85.00 119.00 NOTE
r-patched-linux-x86_64 1.0.2 5.84 59.08 64.92 OK
r-release-linux-x86_64 1.0.2 5.84 58.83 64.67 OK
r-release-macos-arm64 1.0.2 23.00 NOTE
r-release-macos-x86_64 1.0.2 38.00 NOTE
r-release-windows-x86_64 1.0.2 30.00 84.00 114.00 NOTE
r-oldrel-macos-arm64 1.0.2 22.00 NOTE
r-oldrel-macos-x86_64 1.0.2 35.00 NOTE
r-oldrel-windows-ix86+x86_64 1.0.2 16.00 78.00 94.00 NOTE

Check Details

Version: 1.0.2
Check: installed package size
Result: NOTE
     installed size is 7.6Mb
     sub-directories of 1Mb or more:
     doc 2.3Mb
     vignette_data 2.6Mb
Flavors: r-devel-linux-x86_64-fedora-clang, r-devel-windows-x86_64, r-release-macos-arm64, r-release-macos-x86_64, r-release-windows-x86_64, r-oldrel-macos-arm64, r-oldrel-macos-x86_64, r-oldrel-windows-ix86+x86_64