CRAN Package Check Results for Package CopernicusDEM

Last updated on 2022-01-28 00:48:50 CET.

Flavor Version Tinstall Tcheck Ttotal Status Flags
r-devel-linux-x86_64-debian-clang 1.0.1 30.91 264.76 295.67 OK
r-devel-linux-x86_64-debian-gcc 1.0.1 26.02 198.19 224.21 OK
r-devel-linux-x86_64-fedora-clang 1.0.1 311.20 NOTE
r-devel-linux-x86_64-fedora-gcc 1.0.1 264.82 OK
r-devel-windows-x86_64-new-UL 1.0.1 57.00 259.00 316.00 NOTE
r-devel-windows-x86_64-new-TK 1.0.1 OK
r-patched-linux-x86_64 1.0.1 26.61 236.11 262.72 OK
r-release-linux-x86_64 1.0.1 23.28 233.70 256.98 OK
r-release-macos-arm64 1.0.1 NOTE
r-release-macos-x86_64 1.0.1 NOTE
r-release-windows-ix86+x86_64 1.0.1 63.00 256.00 319.00 NOTE
r-oldrel-macos-x86_64 1.0.1 NOTE
r-oldrel-windows-ix86+x86_64 1.0.1 65.00 269.00 334.00 NOTE

Check Details

Version: 1.0.1
Check: installed package size
Result: NOTE
     installed size is 7.5Mb
     sub-directories of 1Mb or more:
     doc 2.3Mb
     vignette_data 2.6Mb
Flavors: r-devel-linux-x86_64-fedora-clang, r-devel-windows-x86_64-new-UL, r-release-macos-arm64, r-release-macos-x86_64, r-release-windows-ix86+x86_64, r-oldrel-macos-x86_64, r-oldrel-windows-ix86+x86_64