Last updated on 2023-11-28 07:52:58 CET.
Flavor | Version | Tinstall | Tcheck | Ttotal | Status | Flags |
---|---|---|---|---|---|---|
r-devel-linux-x86_64-debian-clang | 0.6-2 | 16.46 | 121.78 | 138.24 | OK | |
r-devel-linux-x86_64-debian-gcc | 0.6-2 | 11.67 | 82.48 | 94.15 | OK | |
r-devel-linux-x86_64-fedora-clang | 0.6-2 | 159.82 | OK | |||
r-devel-linux-x86_64-fedora-gcc | 0.6-2 | 162.48 | OK | |||
r-devel-windows-x86_64 | 0.6-2 | 16.00 | 120.00 | 136.00 | OK | |
r-patched-linux-x86_64 | 0.6-2 | 15.97 | 107.50 | 123.47 | OK | |
r-release-linux-x86_64 | 0.6-2 | 11.86 | 106.31 | 118.17 | OK | |
r-release-macos-arm64 | 0.6-2 | 64.00 | OK | |||
r-release-macos-x86_64 | 0.6-2 | 85.00 | NOTE | |||
r-release-windows-x86_64 | 0.6-2 | 22.00 | 124.00 | 146.00 | OK | |
r-oldrel-macos-arm64 | 0.6-2 | 46.00 | OK | |||
r-oldrel-macos-x86_64 | 0.6-2 | 66.00 | OK | |||
r-oldrel-windows-x86_64 | 0.6-2 | 18.00 | 124.00 | 142.00 | OK |
Version: 0.6-2
Check: package dependencies
Result: NOTE
Package suggested but not available for checking: ‘BiocParallel’
Flavor: r-release-macos-x86_64