CRAN Package Check Results for Package Corbi

Last updated on 2021-11-30 00:51:25 CET.

Flavor Version Tinstall Tcheck Ttotal Status Flags
r-devel-linux-x86_64-debian-clang 0.6-1 13.70 112.24 125.94 OK
r-devel-linux-x86_64-debian-gcc 0.6-1 8.87 76.50 85.37 OK
r-devel-linux-x86_64-fedora-clang 0.6-1 159.51 OK
r-devel-linux-x86_64-fedora-gcc 0.6-1 142.04 OK
r-devel-windows-x86_64-new-UL 0.6-1 28.00 218.00 246.00 OK
r-devel-windows-x86_64-new-TK 0.6-1 OK
r-devel-windows-x86_64-old 0.6-1 21.00 99.00 120.00 OK
r-patched-linux-x86_64 0.6-1 10.83 96.43 107.26 OK
r-patched-solaris-x86 0.6-1 172.90 OK
r-release-linux-x86_64 0.6-1 12.84 98.73 111.57 OK
r-release-macos-arm64 0.6-1 NOTE
r-release-macos-x86_64 0.6-1 OK
r-release-windows-ix86+x86_64 0.6-1 29.00 177.00 206.00 OK
r-oldrel-macos-x86_64 0.6-1 OK
r-oldrel-windows-ix86+x86_64 0.6-1 25.00 133.00 158.00 OK

Check Details

Version: 0.6-1
Check: package dependencies
Result: NOTE
    Package suggested but not available for checking: ‘BiocParallel’
Flavor: r-release-macos-arm64