CRAN Package Check Results for Package CorrectOverloadedPeaks

Last updated on 2019-10-15 01:50:16 CEST.

Flavor Version Tinstall Tcheck Ttotal Status Flags
r-devel-linux-x86_64-debian-clang 1.2.17 3.00 47.99 50.99 NOTE
r-devel-linux-x86_64-debian-gcc 1.2.17 2.48 33.63 36.11 NOTE
r-devel-linux-x86_64-fedora-clang 1.2.17 60.85 NOTE
r-devel-linux-x86_64-fedora-gcc 1.2.17 57.48 NOTE
r-devel-windows-ix86+x86_64 1.2.17 18.00 53.00 71.00 OK
r-patched-linux-x86_64 1.2.17 2.40 45.37 47.77 NOTE
r-release-linux-x86_64 1.2.17 2.77 47.28 50.05 OK
r-release-windows-ix86+x86_64 1.2.17 11.00 81.00 92.00 OK
r-release-osx-x86_64 1.2.17 NOTE
r-oldrel-windows-ix86+x86_64 1.2.17 5.00 52.00 57.00 OK
r-oldrel-osx-x86_64 1.2.17 NOTE

Check Details

Version: 1.2.17
Check: package dependencies
Result: NOTE
    Package suggested but not available for checking: 'xcms'
Flavors: r-devel-linux-x86_64-debian-clang, r-devel-linux-x86_64-debian-gcc, r-devel-linux-x86_64-fedora-clang, r-devel-linux-x86_64-fedora-gcc, r-patched-linux-x86_64, r-release-osx-x86_64, r-oldrel-osx-x86_64