CRAN Package Check Results for Package CorrectOverloadedPeaks

Last updated on 2020-02-18 00:52:02 CET.

Flavor Version Tinstall Tcheck Ttotal Status Flags
r-devel-linux-x86_64-debian-clang 1.2.17 3.48 51.46 54.94 NOTE
r-devel-linux-x86_64-debian-gcc 1.2.17 3.00 37.63 40.63 OK
r-devel-linux-x86_64-fedora-clang 1.2.17 66.04 NOTE
r-devel-linux-x86_64-fedora-gcc 1.2.17 63.11 NOTE
r-devel-windows-ix86+x86_64 1.2.17 9.00 56.00 65.00 OK
r-devel-windows-ix86+x86_64-gcc8 1.2.17 15.00 76.00 91.00 NOTE
r-patched-linux-x86_64 1.2.17 2.77 45.26 48.03 OK
r-release-linux-x86_64 1.2.17 2.66 45.62 48.28 OK
r-release-windows-ix86+x86_64 1.2.17 7.00 56.00 63.00 OK
r-release-osx-x86_64 1.2.17 NOTE
r-oldrel-windows-ix86+x86_64 1.2.17 4.00 64.00 68.00 OK
r-oldrel-osx-x86_64 1.2.17 NOTE

Check Details

Version: 1.2.17
Check: package dependencies
Result: NOTE
    Package suggested but not available for checking: 'xcms'
Flavors: r-devel-linux-x86_64-debian-clang, r-devel-linux-x86_64-fedora-clang, r-devel-linux-x86_64-fedora-gcc, r-devel-windows-ix86+x86_64-gcc8, r-release-osx-x86_64, r-oldrel-osx-x86_64