CRAN Package Check Results for Package Countr

Last updated on 2022-06-25 01:48:57 CEST.

Flavor Version Tinstall Tcheck Ttotal Status Flags
r-devel-linux-x86_64-debian-clang 3.5.5 156.38 183.02 339.40 NOTE
r-devel-linux-x86_64-debian-gcc 3.5.5 127.17 137.85 265.02 NOTE
r-devel-linux-x86_64-fedora-clang 3.5.5 496.98 NOTE
r-devel-linux-x86_64-fedora-gcc 3.5.5 463.07 NOTE
r-devel-windows-x86_64 3.5.5 143.00 276.00 419.00 NOTE
r-patched-linux-x86_64 3.5.5 132.35 173.75 306.10 OK
r-release-linux-x86_64 3.5.5 142.87 171.33 314.20 OK
r-release-macos-arm64 3.5.5 113.00 NOTE
r-release-macos-x86_64 3.5.5 186.00 NOTE
r-release-windows-x86_64 3.5.5 152.00 281.00 433.00 OK
r-oldrel-macos-arm64 3.5.5 129.00 NOTE
r-oldrel-macos-x86_64 3.5.5 195.00 NOTE
r-oldrel-windows-ix86+x86_64 3.5.5 375.00 275.00 650.00 NOTE

Check Details

Version: 3.5.5
Check: Rd files
Result: NOTE
    checkRd: (-1) Countr-package.Rd:37: Escaped LaTeX specials: \&
    checkRd: (-1) Countr-package.Rd:39: Escaped LaTeX specials: \&
    checkRd: (-1) fertility.Rd:33: Escaped LaTeX specials: \&
Flavors: r-devel-linux-x86_64-debian-clang, r-devel-linux-x86_64-debian-gcc, r-devel-linux-x86_64-fedora-clang, r-devel-linux-x86_64-fedora-gcc, r-devel-windows-x86_64

Version: 3.5.5
Check: installed package size
Result: NOTE
     installed size is 7.2Mb
     sub-directories of 1Mb or more:
     doc 2.0Mb
     libs 4.2Mb
Flavors: r-devel-linux-x86_64-fedora-clang, r-release-macos-arm64, r-release-macos-x86_64, r-oldrel-macos-arm64, r-oldrel-macos-x86_64, r-oldrel-windows-ix86+x86_64