Last updated on 2022-07-03 01:48:52 CEST.
Flavor | Version | Tinstall | Tcheck | Ttotal | Status | Flags |
---|---|---|---|---|---|---|
r-devel-linux-x86_64-debian-clang | 1.0 | 9.26 | 296.63 | 305.89 | NOTE | |
r-devel-linux-x86_64-debian-gcc | 1.0 | 6.84 | 210.92 | 217.76 | NOTE | |
r-devel-linux-x86_64-fedora-clang | 1.0 | 357.18 | NOTE | |||
r-devel-linux-x86_64-fedora-gcc | 1.0 | 390.64 | NOTE | |||
r-devel-windows-x86_64 | 1.0 | 23.00 | 320.00 | 343.00 | OK | |
r-patched-linux-x86_64 | 1.0 | 6.89 | 272.34 | 279.23 | NOTE | |
r-release-linux-x86_64 | 1.0 | 7.95 | 278.01 | 285.96 | NOTE | |
r-release-macos-arm64 | 1.0 | 77.00 | OK | |||
r-release-macos-x86_64 | 1.0 | 133.00 | OK | |||
r-release-windows-x86_64 | 1.0 | 21.00 | 311.00 | 332.00 | OK | |
r-oldrel-macos-arm64 | 1.0 | 84.00 | OK | |||
r-oldrel-macos-x86_64 | 1.0 | 170.00 | OK | |||
r-oldrel-windows-ix86+x86_64 | 1.0 | 17.00 | 88.00 | 105.00 | OK |
Version: 1.0
Check: package dependencies
Result: NOTE
Package suggested but not available for checking: 'spcov'
Flavors: r-devel-linux-x86_64-debian-clang, r-devel-linux-x86_64-debian-gcc, r-devel-linux-x86_64-fedora-clang, r-devel-linux-x86_64-fedora-gcc, r-patched-linux-x86_64, r-release-linux-x86_64