Last updated on 2022-07-02 01:48:53 CEST.
Flavor | Version | Tinstall | Tcheck | Ttotal | Status | Flags |
---|---|---|---|---|---|---|
r-devel-linux-x86_64-debian-clang | 2.60 | 7.66 | 84.83 | 92.49 | OK | |
r-devel-linux-x86_64-debian-gcc | 2.60 | 4.65 | 69.61 | 74.26 | OK | |
r-devel-linux-x86_64-fedora-clang | 2.60 | 121.85 | OK | |||
r-devel-linux-x86_64-fedora-gcc | 2.60 | 123.77 | OK | |||
r-devel-windows-x86_64 | 2.60 | 25.00 | 125.00 | 150.00 | OK | |
r-patched-linux-x86_64 | 2.60 | 7.45 | 81.65 | 89.10 | OK | |
r-release-linux-x86_64 | 2.60 | 7.05 | 81.83 | 88.88 | OK | |
r-release-macos-arm64 | 2.60 | 44.00 | NOTE | |||
r-release-macos-x86_64 | 2.60 | 56.00 | OK | |||
r-release-windows-x86_64 | 2.60 | 37.00 | 122.00 | 159.00 | OK | |
r-oldrel-macos-arm64 | 2.60 | 55.00 | NOTE | |||
r-oldrel-macos-x86_64 | 2.60 | 86.00 | OK | |||
r-oldrel-windows-ix86+x86_64 | 2.60 | 11.00 | 115.00 | 126.00 | OK |
Version: 2.60
Check: package dependencies
Result: NOTE
Package suggested but not available for checking: ‘qvalue’
Flavors: r-release-macos-arm64, r-oldrel-macos-arm64