CRAN Package Check Results for Package DAMisc

Last updated on 2020-09-22 02:17:17 CEST.

Flavor Version Tinstall Tcheck Ttotal Status Flags
r-devel-linux-x86_64-debian-clang 1.6.1 34.75 303.00 337.75 OK
r-devel-linux-x86_64-debian-gcc 1.6.1 31.44 227.05 258.49 OK
r-devel-linux-x86_64-fedora-clang 1.6.1 456.13 NOTE
r-devel-linux-x86_64-fedora-gcc 1.6.1 453.45 NOTE
r-devel-windows-ix86+x86_64 1.6.1 80.00 376.00 456.00 OK
r-patched-linux-x86_64 1.6.1 25.85 292.83 318.68 OK
r-patched-solaris-x86 1.6.1 582.80 NOTE
r-release-linux-x86_64 1.6.1 26.00 299.40 325.40 OK
r-release-macos-x86_64 1.6.1 NOTE
r-release-windows-ix86+x86_64 1.6.1 79.00 382.00 461.00 OK
r-oldrel-macos-x86_64 1.6.1 NOTE
r-oldrel-windows-ix86+x86_64 1.6.1 48.00 351.00 399.00 OK

Check Details

Version: 1.6.1
Check: package dependencies
Result: NOTE
    Imports includes 28 non-default packages.
    Importing from so many packages makes the package vulnerable to any of
    them becoming unavailable. Move as many as possible to Suggests and
    use conditionally.
Flavor: r-devel-linux-x86_64-fedora-clang

Version: 1.6.1
Check: dependencies in R code
Result: NOTE
    Namespace in Imports field not imported from: ‘gamlss’
     All declared Imports should be used.
Flavors: r-devel-linux-x86_64-fedora-clang, r-devel-linux-x86_64-fedora-gcc, r-patched-solaris-x86, r-release-macos-x86_64, r-oldrel-macos-x86_64