Last updated on 2023-12-07 07:50:28 CET.
Flavor | Version | Tinstall | Tcheck | Ttotal | Status | Flags |
---|---|---|---|---|---|---|
r-devel-linux-x86_64-debian-clang | 1.0 | 3.22 | 24.74 | 27.96 | NOTE | |
r-devel-linux-x86_64-debian-gcc | 1.0 | 2.47 | 19.35 | 21.82 | NOTE | |
r-devel-linux-x86_64-fedora-clang | 1.0 | 34.61 | NOTE | |||
r-devel-linux-x86_64-fedora-gcc | 1.0 | 33.00 | NOTE | |||
r-devel-windows-x86_64 | 1.0 | 5.00 | 43.00 | 48.00 | NOTE | |
r-patched-linux-x86_64 | 1.0 | 3.31 | 24.53 | 27.84 | NOTE | |
r-release-linux-x86_64 | 1.0 | 3.19 | 23.89 | 27.08 | NOTE | |
r-release-macos-arm64 | 1.0 | 17.00 | NOTE | |||
r-release-macos-x86_64 | 1.0 | 22.00 | NOTE | |||
r-release-windows-x86_64 | 1.0 | 6.00 | 44.00 | 50.00 | NOTE | |
r-oldrel-macos-arm64 | 1.0 | 18.00 | NOTE | |||
r-oldrel-macos-x86_64 | 1.0 | 23.00 | NOTE | |||
r-oldrel-windows-x86_64 | 1.0 | 6.00 | 46.00 | 52.00 | NOTE |
Version: 1.0
Check: Rd metadata
Result: NOTE
Invalid package aliases in Rd file 'dap-package.Rd':
‘dap-package’
Flavors: r-devel-linux-x86_64-debian-clang, r-devel-linux-x86_64-debian-gcc, r-devel-linux-x86_64-fedora-clang, r-devel-linux-x86_64-fedora-gcc, r-devel-windows-x86_64
Version: 1.0
Check: LazyData
Result: NOTE
'LazyData' is specified without a 'data' directory
Flavors: r-devel-linux-x86_64-debian-clang, r-devel-linux-x86_64-debian-gcc, r-devel-linux-x86_64-fedora-clang, r-devel-linux-x86_64-fedora-gcc, r-devel-windows-x86_64, r-patched-linux-x86_64, r-release-linux-x86_64, r-release-macos-arm64, r-release-macos-x86_64, r-release-windows-x86_64, r-oldrel-macos-arm64, r-oldrel-macos-x86_64, r-oldrel-windows-x86_64