CRAN Package Check Results for Package DCCA

Last updated on 2022-07-04 01:50:06 CEST.

Flavor Version Tinstall Tcheck Ttotal Status Flags
r-devel-linux-x86_64-debian-clang 0.1.1 6.61 25.78 32.39 NOTE
r-devel-linux-x86_64-debian-gcc 0.1.1 5.65 19.77 25.42 NOTE
r-devel-linux-x86_64-fedora-clang 0.1.1 50.65 NOTE
r-devel-linux-x86_64-fedora-gcc 0.1.1 48.55 NOTE
r-devel-windows-x86_64 0.1.1 22.00 56.00 78.00 NOTE
r-patched-linux-x86_64 0.1.1 5.63 24.52 30.15 NOTE
r-release-linux-x86_64 0.1.1 6.10 24.72 30.82 NOTE
r-release-macos-arm64 0.1.1 20.00 NOTE
r-release-macos-x86_64 0.1.1 23.00 NOTE
r-release-windows-x86_64 0.1.1 18.00 73.00 91.00 NOTE
r-oldrel-macos-arm64 0.1.1 25.00 NOTE
r-oldrel-macos-x86_64 0.1.1 29.00 NOTE
r-oldrel-windows-ix86+x86_64 0.1.1 15.00 54.00 69.00 NOTE

Check Details

Version: 0.1.1
Check: LazyData
Result: NOTE
     'LazyData' is specified without a 'data' directory
Flavors: r-devel-linux-x86_64-debian-clang, r-devel-linux-x86_64-debian-gcc, r-devel-linux-x86_64-fedora-clang, r-devel-linux-x86_64-fedora-gcc, r-devel-windows-x86_64, r-patched-linux-x86_64, r-release-linux-x86_64, r-release-macos-arm64, r-release-macos-x86_64, r-release-windows-x86_64, r-oldrel-macos-arm64, r-oldrel-macos-x86_64, r-oldrel-windows-ix86+x86_64