CRAN Package Check Results for Package DChaos

Last updated on 2022-07-04 01:50:06 CEST.

Flavor Version Tinstall Tcheck Ttotal Status Flags
r-devel-linux-x86_64-debian-clang 0.1-6 5.28 37.82 43.10 NOTE
r-devel-linux-x86_64-debian-gcc 0.1-6 3.79 28.85 32.64 NOTE
r-devel-linux-x86_64-fedora-clang 0.1-6 62.48 NOTE
r-devel-linux-x86_64-fedora-gcc 0.1-6 60.78 NOTE
r-devel-windows-x86_64 0.1-6 15.00 68.00 83.00 NOTE
r-patched-linux-x86_64 0.1-6 5.57 36.74 42.31 NOTE
r-release-linux-x86_64 0.1-6 3.85 36.85 40.70 NOTE
r-release-macos-arm64 0.1-6 20.00 NOTE
r-release-macos-x86_64 0.1-6 26.00 NOTE
r-release-windows-x86_64 0.1-6 11.00 67.00 78.00 NOTE
r-oldrel-macos-arm64 0.1-6 23.00 NOTE
r-oldrel-macos-x86_64 0.1-6 42.00 NOTE
r-oldrel-windows-ix86+x86_64 0.1-6 11.00 57.00 68.00 NOTE

Check Details

Version: 0.1-6
Check: LazyData
Result: NOTE
     'LazyData' is specified without a 'data' directory
Flavors: r-devel-linux-x86_64-debian-clang, r-devel-linux-x86_64-debian-gcc, r-devel-linux-x86_64-fedora-clang, r-devel-linux-x86_64-fedora-gcc, r-devel-windows-x86_64, r-patched-linux-x86_64, r-release-linux-x86_64, r-release-macos-arm64, r-release-macos-x86_64, r-release-windows-x86_64, r-oldrel-macos-arm64, r-oldrel-macos-x86_64, r-oldrel-windows-ix86+x86_64