Last updated on 2023-12-03 08:50:04 CET.
Flavor | Version | Tinstall | Tcheck | Ttotal | Status | Flags |
---|---|---|---|---|---|---|
r-devel-linux-x86_64-debian-clang | 0.2-9 | 9.42 | 89.91 | 99.33 | NOTE | |
r-devel-linux-x86_64-debian-gcc | 0.2-9 | 7.15 | 66.53 | 73.68 | NOTE | |
r-devel-linux-x86_64-fedora-clang | 0.2-9 | 120.78 | OK | |||
r-devel-linux-x86_64-fedora-gcc | 0.2-9 | 128.70 | OK | |||
r-devel-windows-x86_64 | 0.2-9 | 12.00 | 89.00 | 101.00 | OK | |
r-patched-linux-x86_64 | 0.2-9 | 7.55 | 83.75 | 91.30 | OK | |
r-release-linux-x86_64 | 0.2-9 | 7.92 | 85.04 | 92.96 | OK | |
r-release-macos-arm64 | 0.2-9 | 42.00 | OK | |||
r-release-macos-x86_64 | 0.2-9 | 94.00 | OK | |||
r-release-windows-x86_64 | 0.2-9 | 14.00 | 105.00 | 119.00 | OK | |
r-oldrel-macos-arm64 | 0.2-9 | 43.00 | OK | |||
r-oldrel-macos-x86_64 | 0.2-9 | 55.00 | OK | |||
r-oldrel-windows-x86_64 | 0.2-9 | 16.00 | 105.00 | 121.00 | OK |
Version: 0.2-9
Check: Rd files
Result: NOTE
checkRd: (-1) DCluster.Rd:67: Lost braces in \itemize; meant \describe ?
checkRd: (-1) DCluster.Rd:68: Lost braces in \itemize; meant \describe ?
checkRd: (-1) DCluster.Rd:69: Lost braces in \itemize; meant \describe ?
checkRd: (-1) DCluster.Rd:134: Lost braces in \itemize; meant \describe ?
checkRd: (-1) DCluster.Rd:136: Lost braces in \itemize; meant \describe ?
checkRd: (-1) DCluster.Rd:138: Lost braces in \itemize; meant \describe ?
checkRd: (-1) DCluster.Rd:140: Lost braces in \itemize; meant \describe ?
checkRd: (-1) DCluster.Rd:142: Lost braces in \itemize; meant \describe ?
Flavors: r-devel-linux-x86_64-debian-clang, r-devel-linux-x86_64-debian-gcc