CRAN Package Check Results for Package DDRTree

Last updated on 2020-09-20 01:50:04 CEST.

Flavor Version Tinstall Tcheck Ttotal Status Flags
r-devel-linux-x86_64-debian-clang 0.1.5 69.10 57.44 126.54 OK
r-devel-linux-x86_64-debian-gcc 0.1.5 58.99 45.39 104.38 OK
r-devel-linux-x86_64-fedora-clang 0.1.5 183.58 NOTE
r-devel-linux-x86_64-fedora-gcc 0.1.5 182.00 OK
r-devel-windows-ix86+x86_64 0.1.5 152.00 119.00 271.00 OK
r-patched-linux-x86_64 0.1.5 64.34 57.95 122.29 OK
r-patched-solaris-x86 0.1.5 177.30 OK
r-release-linux-x86_64 0.1.5 65.85 58.75 124.60 OK
r-release-macos-x86_64 0.1.5 NOTE
r-release-windows-ix86+x86_64 0.1.5 142.00 93.00 235.00 OK
r-oldrel-macos-x86_64 0.1.5 NOTE
r-oldrel-windows-ix86+x86_64 0.1.5 103.00 111.00 214.00 OK

Check Details

Version: 0.1.5
Check: installed package size
Result: NOTE
     installed size is 22.3Mb
     sub-directories of 1Mb or more:
     libs 22.2Mb
Flavors: r-devel-linux-x86_64-fedora-clang, r-release-macos-x86_64, r-oldrel-macos-x86_64