CRAN Package Check Results for Package DEET

Last updated on 2023-11-30 07:52:32 CET.

Flavor Version Tinstall Tcheck Ttotal Status Flags
r-devel-linux-x86_64-debian-clang 1.0.11 12.63 120.54 133.17 OK
r-devel-linux-x86_64-debian-gcc 1.0.11 11.00 89.08 100.08 OK
r-devel-linux-x86_64-fedora-clang 1.0.11 161.84 NOTE
r-devel-linux-x86_64-fedora-gcc 1.0.11 170.42 NOTE
r-devel-windows-x86_64 1.0.11 12.00 102.00 114.00 OK
r-patched-linux-x86_64 1.0.11 8.56 114.03 122.59 OK
r-release-linux-x86_64 1.0.11 11.56 113.50 125.06 OK
r-release-macos-arm64 1.0.11 54.00 OK
r-release-macos-x86_64 1.0.11 117.00 OK
r-release-windows-x86_64 1.0.11 17.00 126.00 143.00 OK
r-oldrel-macos-arm64 1.0.11 52.00 OK
r-oldrel-macos-x86_64 1.0.11 76.00 OK
r-oldrel-windows-x86_64 1.0.11 17.00 128.00 145.00 OK

Check Details

Version: 1.0.11
Check: data for non-ASCII characters
Result: NOTE Note: found 7 marked UTF-8 strings Flavors: r-devel-linux-x86_64-fedora-clang, r-devel-linux-x86_64-fedora-gcc