Last updated on 2022-08-19 02:53:27 CEST.
Flavor | Version | Tinstall | Tcheck | Ttotal | Status | Flags |
---|---|---|---|---|---|---|
r-devel-linux-x86_64-debian-clang | 1.0.2 | 34.02 | 311.15 | 345.17 | OK | |
r-devel-linux-x86_64-debian-gcc | 1.0.2 | 25.85 | 230.51 | 256.36 | OK | |
r-devel-linux-x86_64-fedora-clang | 1.0.2 | 440.84 | OK | |||
r-devel-linux-x86_64-fedora-gcc | 1.0.2 | 419.43 | OK | |||
r-devel-windows-x86_64 | 1.0.2 | 39.00 | 322.00 | 361.00 | NOTE | |
r-patched-linux-x86_64 | 1.0.2 | 33.44 | 295.78 | 329.22 | OK | |
r-release-linux-x86_64 | 1.0.2 | OK | ||||
r-release-macos-arm64 | 1.0.2 | 109.00 | OK | |||
r-release-macos-x86_64 | 1.0.2 | 173.00 | OK | |||
r-release-windows-x86_64 | 1.0.2 | 49.00 | 312.00 | 361.00 | NOTE | |
r-oldrel-macos-arm64 | 1.0.2 | 163.00 | OK | |||
r-oldrel-macos-x86_64 | 1.0.2 | 140.00 | OK | |||
r-oldrel-windows-ix86+x86_64 | 1.0.2 | 3.00 | 18.00 | 21.00 | ERROR |
Version: 1.0.2
Check: package dependencies
Result: NOTE
Package suggested but not available for checking: 'doMC'
Flavors: r-devel-windows-x86_64, r-release-windows-x86_64, r-oldrel-windows-ix86+x86_64
Version: 1.0.2
Check: whether package can be installed
Result: ERROR
Installation failed.
Flavor: r-oldrel-windows-ix86+x86_64