CRAN Package Check Results for Package DGM

Last updated on 2020-07-14 02:06:47 CEST.

Flavor Version Tinstall Tcheck Ttotal Status Flags
r-devel-linux-x86_64-debian-clang 1.7.2 37.39 56.72 94.11 NOTE
r-devel-linux-x86_64-debian-gcc 1.7.2 27.37 43.05 70.42 NOTE
r-devel-linux-x86_64-fedora-clang 1.7.2 129.94 NOTE
r-devel-linux-x86_64-fedora-gcc 1.7.2 121.62 NOTE
r-devel-windows-ix86+x86_64 1.7.2 63.00 130.00 193.00 OK
r-patched-linux-x86_64 1.7.2 29.81 54.98 84.79 NOTE
r-patched-solaris-x86 1.7.2 134.20 OK
r-release-linux-x86_64 1.7.2 27.16 55.72 82.88 NOTE
r-release-macos-x86_64 1.7.2 ERROR
r-release-windows-ix86+x86_64 1.7.2 97.00 150.00 247.00 OK
r-oldrel-macos-x86_64 1.7.2 OK
r-oldrel-windows-ix86+x86_64 1.7.2 82.00 105.00 187.00 OK

Check Details

Version: 1.7.2
Check: use of SHLIB_OPENMP_*FLAGS in Makefiles
Result: NOTE
     src/Makevars: SHLIB_OPENMP_CXXFLAGS is included in PKG_CXXFLAGS but not in PKG_LIBS
     src/Makevars: SHLIB_OPENMP_CFLAGS is included in PKG_LIBS but linking is by C++
     src/Makevars.win: SHLIB_OPENMP_CXXFLAGS is included in PKG_CXXFLAGS but not in PKG_LIBS
     src/Makevars.win: SHLIB_OPENMP_CFLAGS is included in PKG_LIBS but linking is by C++
    Use of these macros is discussed in sect 1.2.1.1 of 'Writing R
    Extensions'. The macros for different languages may differ so the
    matching macro must be used in PKG_CXXFLAGS (etc) and match that used
    in PKG_LIBS (except for Fortran: see the manual).
Flavors: r-devel-linux-x86_64-debian-clang, r-devel-linux-x86_64-debian-gcc, r-devel-linux-x86_64-fedora-clang, r-devel-linux-x86_64-fedora-gcc, r-patched-linux-x86_64, r-release-linux-x86_64

Version: 1.7.2
Check: whether package can be installed
Result: ERROR
    Installation failed.
Flavor: r-release-macos-x86_64