Last updated on 2023-02-07 00:54:13 CET.
Flavor | Version | Tinstall | Tcheck | Ttotal | Status | Flags |
---|---|---|---|---|---|---|
r-devel-linux-x86_64-debian-clang | 1.2.0 | 74.13 | 504.21 | 578.34 | NOTE | |
r-devel-linux-x86_64-debian-gcc | 1.2.0 | 52.38 | 371.90 | 424.28 | NOTE | |
r-devel-linux-x86_64-fedora-clang | 1.2.0 | 777.74 | NOTE | |||
r-devel-linux-x86_64-fedora-gcc | 1.2.0 | 761.93 | NOTE | |||
r-devel-windows-x86_64 | 1.2.0 | 113.00 | 489.00 | 602.00 | NOTE | |
r-patched-linux-x86_64 | 1.2.0 | 54.48 | 478.96 | 533.44 | OK | |
r-release-linux-x86_64 | 1.2.0 | 60.38 | 483.86 | 544.24 | OK | |
r-release-macos-arm64 | 1.2.0 | 177.00 | OK | |||
r-release-macos-x86_64 | 1.2.0 | 331.00 | OK | |||
r-release-windows-x86_64 | 1.2.0 | 110.00 | 486.00 | 596.00 | OK | |
r-oldrel-macos-arm64 | 1.2.0 | 213.00 | OK | |||
r-oldrel-macos-x86_64 | 1.2.0 | 214.00 | OK | |||
r-oldrel-windows-ix86+x86_64 | 1.2.0 | 131.00 | 469.00 | 600.00 | OK |
Version: 1.2.0
Check: Rd files
Result: NOTE
checkRd: (-1) sammy.Rd:51: Escaped LaTeX specials: \$
Flavors: r-devel-linux-x86_64-debian-clang, r-devel-linux-x86_64-debian-gcc, r-devel-linux-x86_64-fedora-clang, r-devel-linux-x86_64-fedora-gcc, r-devel-windows-x86_64