Last updated on 2021-02-26 00:48:14 CET.
Flavor | Version | Tinstall | Tcheck | Ttotal | Status | Flags |
---|---|---|---|---|---|---|
r-devel-linux-x86_64-debian-clang | 0.2-3 | 72.75 | 75.51 | 148.26 | NOTE | |
r-devel-linux-x86_64-debian-gcc | 0.2-3 | 48.03 | 57.64 | 105.67 | NOTE | |
r-devel-linux-x86_64-fedora-clang | 0.2-3 | 228.63 | NOTE | |||
r-devel-linux-x86_64-fedora-gcc | 0.2-3 | 191.03 | NOTE | |||
r-devel-windows-ix86+x86_64 | 0.2-3 | 116.00 | 104.00 | 220.00 | NOTE | |
r-patched-linux-x86_64 | 0.2-3 | 58.74 | 72.02 | 130.76 | NOTE | |
r-patched-solaris-x86 | 0.2-3 | 195.20 | NOTE | |||
r-release-linux-x86_64 | 0.2-3 | 62.25 | 72.12 | 134.37 | NOTE | |
r-release-macos-x86_64 | 0.2-3 | NOTE | ||||
r-release-windows-ix86+x86_64 | 0.2-3 | 154.00 | 146.00 | 300.00 | NOTE | |
r-oldrel-macos-x86_64 | 0.2-3 | NOTE | ||||
r-oldrel-windows-ix86+x86_64 | 0.2-3 | 114.00 | 117.00 | 231.00 | NOTE |
Version: 0.2-3
Check: for GNU extensions in Makefiles
Result: NOTE
GNU make is a SystemRequirements.
Flavors: r-devel-linux-x86_64-debian-clang, r-devel-linux-x86_64-debian-gcc, r-devel-linux-x86_64-fedora-clang, r-devel-linux-x86_64-fedora-gcc, r-devel-windows-ix86+x86_64, r-patched-linux-x86_64, r-patched-solaris-x86, r-release-linux-x86_64, r-release-macos-x86_64, r-release-windows-ix86+x86_64, r-oldrel-macos-x86_64, r-oldrel-windows-ix86+x86_64