CRAN Package Check Results for Package DOT

Last updated on 2020-05-28 01:53:15 CEST.

Flavor Version Tinstall Tcheck Ttotal Status Flags
r-devel-linux-x86_64-debian-clang 0.1 5.42 49.36 54.78 NOTE
r-devel-linux-x86_64-debian-gcc 0.1 3.98 37.54 41.52 NOTE
r-devel-linux-x86_64-fedora-clang 0.1 41.82 NOTE
r-devel-linux-x86_64-fedora-gcc 0.1 38.32 NOTE
r-devel-windows-ix86+x86_64 0.1 11.00 70.00 81.00 OK
r-patched-linux-x86_64 0.1 4.77 49.13 53.90 NOTE
r-patched-solaris-x86 0.1 59.50 NOTE
r-release-linux-x86_64 0.1 5.07 48.58 53.65 NOTE
r-release-osx-x86_64 0.1 OK
r-release-windows-ix86+x86_64 0.1 12.00 84.00 96.00 OK
r-oldrel-osx-x86_64 0.1 OK
r-oldrel-windows-ix86+x86_64 0.1 11.00 57.00 68.00 OK

Check Details

Version: 0.1
Check: for non-standard things in the check directory
Result: NOTE
    Found the following files/directories:
     'myfile.ps' 'myfile.svg'
Flavors: r-devel-linux-x86_64-debian-clang, r-devel-linux-x86_64-debian-gcc, r-devel-linux-x86_64-fedora-clang, r-devel-linux-x86_64-fedora-gcc, r-patched-linux-x86_64, r-patched-solaris-x86, r-release-linux-x86_64