Last updated on 2023-11-30 07:52:33 CET.
Flavor | Version | Tinstall | Tcheck | Ttotal | Status | Flags |
---|---|---|---|---|---|---|
r-devel-linux-x86_64-debian-clang | 3.3 | 167.90 | 335.96 | 503.86 | OK | |
r-devel-linux-x86_64-debian-gcc | 3.3 | 111.10 | 247.57 | 358.67 | OK | |
r-devel-linux-x86_64-fedora-clang | 3.3 | 696.57 | OK | |||
r-devel-linux-x86_64-fedora-gcc | 3.3 | 671.72 | OK | |||
r-devel-windows-x86_64 | 3.3 | 119.00 | 253.00 | 372.00 | OK | |
r-patched-linux-x86_64 | 3.3 | 109.34 | 320.70 | 430.04 | OK | |
r-release-linux-x86_64 | 3.3 | 106.23 | 318.85 | 425.08 | OK | |
r-release-macos-arm64 | 3.3 | 142.00 | NOTE | |||
r-release-macos-x86_64 | 3.3 | 257.00 | NOTE | |||
r-release-windows-x86_64 | 3.3 | 164.00 | 327.00 | 491.00 | OK | |
r-oldrel-macos-arm64 | 3.3 | 121.00 | NOTE | |||
r-oldrel-macos-x86_64 | 3.3 | 189.00 | NOTE | |||
r-oldrel-windows-x86_64 | 3.3 | 161.00 | 328.00 | 489.00 | OK |
Version: 3.3
Check: installed package size
Result: NOTE
installed size is 9.6Mb
sub-directories of 1Mb or more:
data 1.6Mb
libs 7.7Mb
Flavors: r-release-macos-arm64, r-release-macos-x86_64, r-oldrel-macos-arm64, r-oldrel-macos-x86_64