Last updated on 2023-02-04 00:50:47 CET.
Flavor | Version | Tinstall | Tcheck | Ttotal | Status | Flags |
---|---|---|---|---|---|---|
r-devel-linux-x86_64-debian-clang | 0.9.3 | 10.89 | 176.60 | 187.49 | OK | |
r-devel-linux-x86_64-debian-gcc | 0.9.3 | 9.16 | 125.35 | 134.51 | OK | |
r-devel-linux-x86_64-fedora-clang | 0.9.3 | 227.38 | NOTE | |||
r-devel-linux-x86_64-fedora-gcc | 0.9.3 | 223.60 | OK | |||
r-devel-windows-x86_64 | 0.9.3 | 115.00 | 219.00 | 334.00 | NOTE | |
r-patched-linux-x86_64 | 0.9.3 | 13.82 | 160.61 | 174.43 | OK | |
r-release-linux-x86_64 | 0.9.3 | 10.53 | 166.09 | 176.62 | OK | |
r-release-macos-arm64 | 0.9.3 | 58.00 | NOTE | |||
r-release-macos-x86_64 | 0.9.3 | 90.00 | NOTE | |||
r-release-windows-x86_64 | 0.9.3 | 110.00 | 219.00 | 329.00 | NOTE | |
r-oldrel-macos-arm64 | 0.9.3 | 64.00 | NOTE | |||
r-oldrel-macos-x86_64 | 0.9.3 | 76.00 | NOTE | |||
r-oldrel-windows-ix86+x86_64 | 0.9.3 | 26.00 | 209.00 | 235.00 | NOTE |
Version: 0.9.3
Check: installed package size
Result: NOTE
installed size is 5.2Mb
sub-directories of 1Mb or more:
appinformation 4.1Mb
Flavors: r-devel-linux-x86_64-fedora-clang, r-devel-windows-x86_64, r-release-macos-arm64, r-release-macos-x86_64, r-release-windows-x86_64, r-oldrel-macos-arm64, r-oldrel-macos-x86_64, r-oldrel-windows-ix86+x86_64