CRAN Package Check Results for Package DTAT

Last updated on 2021-09-22 01:48:38 CEST.

Flavor Version Tinstall Tcheck Ttotal Status Flags
r-devel-linux-x86_64-debian-clang 0.3-4 15.51 130.13 145.64 OK
r-devel-linux-x86_64-debian-gcc 0.3-4 11.52 96.99 108.51 OK
r-devel-linux-x86_64-fedora-clang 0.3-4 186.49 OK
r-devel-linux-x86_64-fedora-gcc 0.3-4 163.24 OK
r-devel-windows-x86_64 0.3-4 15.00 118.00 133.00 OK
r-devel-windows-x86_64-gcc10-UCRT 0.3-4 ERROR
r-patched-linux-x86_64 0.3-4 17.15 120.55 137.70 OK
r-patched-solaris-x86 0.3-4 235.80 OK
r-release-linux-x86_64 0.3-4 14.17 120.45 134.62 OK
r-release-macos-arm64 0.3-4 OK
r-release-macos-x86_64 0.3-4 WARN
r-release-windows-ix86+x86_64 0.3-4 35.00 155.00 190.00 OK
r-oldrel-macos-x86_64 0.3-4 WARN
r-oldrel-windows-ix86+x86_64 0.3-4 36.00 158.00 194.00 OK

Check Details

Version: 0.3-4
Check: whether package can be installed
Result: WARN
    Found the following significant warnings:
     WARNING: installation-time patches will not be applied, could not get the patches index
Flavor: r-devel-windows-x86_64-gcc10-UCRT

Version: 0.3-4
Check: examples
Result: ERROR
    Running examples in 'DTAT-Ex.R' failed
    The error most likely occurred in:
    
    > ### Name: Onoue.Friberg
    > ### Title: POMP PK/PD model for docetaxel, combining Onoue et al (2016)
    > ### with Friberg et al (2002)
    > ### Aliases: Onoue.Friberg
    >
    > ### ** Examples
    >
    > # Reproduce the sim$pkpd model and sim$pop population from reference #3:
    > library(pomp)
    > Onoue.Friberg(N=25)
    Warning in system2(command = R.home("bin/R"), args = c("CMD", "SHLIB", "-c", :
     running command '"C:/msys64/home/tomas/ucrt3/svn/ucrt3/R_PACK~1/rinst/bin/R" PKG_CPPFLAGS="-I"C:/msys64/home/tomas/ucrt3/svn/ucrt3/r_packages/pkgcheck/lib/pomp/include" -I"C:/msys64/home/tomas/ucrt3/svn/ucrt3/r_packages/pkgcheck/CRAN/DTAT/DTAT.Rcheck"" CMD SHLIB -c -o C:/msys64/home/tomas/ucrt3/svn/ucrt3/r_packages/pkgcheck/CRAN/DTAT/tmp/RtmpmaPb0Z/6408/pomp_30459ee883ddad54f0d2cc59a0ab19a0.dll C:/msys64/home/tomas/ucrt3/svn/ucrt3/r_packages/pkgcheck/CRAN/DTAT/tmp/RtmpmaPb0Z/6408/pomp_30459ee883ddad54f0d2cc59a0ab19a0.c' had status 1
    Error: error in building shared-object library from C snippets: in 'Cbuilder': compilation error: cannot compile shared-object library 'C:/msys64/home/tomas/ucrt3/svn/ucrt3/r_packages/pkgcheck/CRAN/DTAT/tmp/RtmpmaPb0Z/6408/pomp_30459ee883ddad54f0d2cc59a0ab19a0.dll': status = 1
    compiler messages:
    Warning messages:
    1: In system(cmd) : 'make' not found
    2: In system(paste(cmd, "shlib-clean")) : 'make' not found
    Execution halted
Flavor: r-devel-windows-x86_64-gcc10-UCRT

Version: 0.3-4
Check: PDF version of manual
Result: WARN
    LaTeX errors when creating PDF version.
    This typically indicates Rd problems.
Flavor: r-devel-windows-x86_64-gcc10-UCRT

Version: 0.3-4
Check: PDF version of manual without hyperrefs or index
Result: ERROR
    Re-running with no redirection of stdout/stderr.
Flavor: r-devel-windows-x86_64-gcc10-UCRT

Version: 0.3-4
Check: re-building of vignette outputs
Result: WARN
    Error(s) in re-building vignettes:
     ...
    --- re-building ‘Designing-33PC.Rmd’ using rmarkdown
    Warning in engine$weave(file, quiet = quiet, encoding = enc) :
     Pandoc (>= 1.12.3) not available. Falling back to R Markdown v1.
    Quitting from lines 164-165 (Designing-33PC.Rmd)
    Error: processing vignette 'Designing-33PC.Rmd' failed with diagnostics:
    invalid 'path' argument
    --- failed re-building ‘Designing-33PC.Rmd’
    
    SUMMARY: processing the following file failed:
     ‘Designing-33PC.Rmd’
    
    Error: Vignette re-building failed.
    Execution halted
Flavor: r-release-macos-x86_64

Version: 0.3-4
Check: re-building of vignette outputs
Result: WARN
    Error(s) in re-building vignettes:
     ...
    --- re-building ‘Designing-33PC.Rmd’ using rmarkdown
    Warning in engine$weave(file, quiet = quiet, encoding = enc) :
     Pandoc (>= 1.12.3) and/or pandoc-citeproc not available. Falling back to R Markdown v1.
    Quitting from lines 164-165 (Designing-33PC.Rmd)
    Error: processing vignette 'Designing-33PC.Rmd' failed with diagnostics:
    cannot open the connection
    --- failed re-building ‘Designing-33PC.Rmd’
    
    SUMMARY: processing the following file failed:
     ‘Designing-33PC.Rmd’
    
    Error: Vignette re-building failed.
    Execution halted
Flavor: r-oldrel-macos-x86_64