Last updated on 2023-12-04 07:50:53 CET.
Flavor | Version | Tinstall | Tcheck | Ttotal | Status | Flags |
---|---|---|---|---|---|---|
r-devel-linux-x86_64-debian-clang | 1.0.2 | 20.03 | 40.47 | 60.50 | NOTE | |
r-devel-linux-x86_64-debian-gcc | 1.0.2 | 15.34 | 31.71 | 47.05 | NOTE | |
r-devel-linux-x86_64-fedora-clang | 1.0.2 | 83.53 | NOTE | |||
r-devel-linux-x86_64-fedora-gcc | 1.0.2 | 80.07 | NOTE | |||
r-devel-windows-x86_64 | 1.0.2 | 19.00 | 66.00 | 85.00 | NOTE | |
r-patched-linux-x86_64 | 1.0.2 | 21.81 | 39.66 | 61.47 | NOTE | |
r-release-linux-x86_64 | 1.0.2 | 18.38 | 38.98 | 57.36 | NOTE | |
r-release-macos-arm64 | 1.0.2 | 29.00 | NOTE | |||
r-release-macos-x86_64 | 1.0.2 | 41.00 | NOTE | |||
r-release-windows-x86_64 | 1.0.2 | 25.00 | 76.00 | 101.00 | NOTE | |
r-oldrel-macos-arm64 | 1.0.2 | 26.00 | NOTE | |||
r-oldrel-macos-x86_64 | 1.0.2 | 38.00 | NOTE | |||
r-oldrel-windows-x86_64 | 1.0.2 | 23.00 | 73.00 | 96.00 | NOTE |
Version: 1.0.2
Check: Rd files
Result: NOTE
checkRd: (-1) DTDAcif.Rd:32: Lost braces in \itemize; \value handles \item{}{} directly
checkRd: (-1) DTDAcif.Rd:33: Lost braces in \itemize; \value handles \item{}{} directly
checkRd: (-1) DTDAcif.Rd:34: Lost braces in \itemize; \value handles \item{}{} directly
checkRd: (-1) DTDAcif.Rd:35: Lost braces in \itemize; \value handles \item{}{} directly
checkRd: (-1) DTDAcif.Rd:36: Lost braces in \itemize; \value handles \item{}{} directly
Flavors: r-devel-linux-x86_64-debian-clang, r-devel-linux-x86_64-debian-gcc
Version: 1.0.2
Check: LazyData
Result: NOTE
'LazyData' is specified without a 'data' directory
Flavors: r-devel-linux-x86_64-debian-clang, r-devel-linux-x86_64-debian-gcc, r-devel-linux-x86_64-fedora-clang, r-devel-linux-x86_64-fedora-gcc, r-devel-windows-x86_64, r-patched-linux-x86_64, r-release-linux-x86_64, r-release-macos-arm64, r-release-macos-x86_64, r-release-windows-x86_64, r-oldrel-macos-arm64, r-oldrel-macos-x86_64, r-oldrel-windows-x86_64