Last updated on 2023-12-04 07:50:53 CET.
Flavor | Version | Tinstall | Tcheck | Ttotal | Status | Flags |
---|---|---|---|---|---|---|
r-devel-linux-x86_64-debian-clang | 1.1 | 8.78 | 99.21 | 107.99 | NOTE | |
r-devel-linux-x86_64-debian-gcc | 1.1 | 8.12 | 76.92 | 85.04 | NOTE | |
r-devel-linux-x86_64-fedora-clang | 1.1 | 135.49 | NOTE | |||
r-devel-linux-x86_64-fedora-gcc | 1.1 | 130.68 | NOTE | |||
r-devel-windows-x86_64 | 1.1 | 10.00 | 84.00 | 94.00 | NOTE | |
r-patched-linux-x86_64 | 1.1 | 9.82 | 94.90 | 104.72 | NOTE | |
r-release-linux-x86_64 | 1.1 | 11.48 | 94.82 | 106.30 | NOTE | |
r-release-macos-arm64 | 1.1 | 45.00 | NOTE | |||
r-release-macos-x86_64 | 1.1 | 79.00 | NOTE | |||
r-release-windows-x86_64 | 1.1 | 12.00 | 104.00 | 116.00 | NOTE | |
r-oldrel-macos-arm64 | 1.1 | 44.00 | NOTE | |||
r-oldrel-macos-x86_64 | 1.1 | 71.00 | NOTE | |||
r-oldrel-windows-x86_64 | 1.1 | 13.00 | 114.00 | 127.00 | NOTE |
Version: 1.1
Check: LazyData
Result: NOTE
'LazyData' is specified without a 'data' directory
Flavors: r-devel-linux-x86_64-debian-clang, r-devel-linux-x86_64-debian-gcc, r-devel-linux-x86_64-fedora-clang, r-devel-linux-x86_64-fedora-gcc, r-devel-windows-x86_64, r-patched-linux-x86_64, r-release-linux-x86_64, r-release-macos-arm64, r-release-macos-x86_64, r-release-windows-x86_64, r-oldrel-macos-arm64, r-oldrel-macos-x86_64, r-oldrel-windows-x86_64