Last updated on 2021-01-25 00:47:55 CET.
Flavor | Version | Tinstall | Tcheck | Ttotal | Status | Flags |
---|---|---|---|---|---|---|
r-devel-linux-x86_64-debian-clang | 1.2.2 | 55.35 | 281.65 | 337.00 | OK | |
r-devel-linux-x86_64-debian-gcc | 1.2.2 | 37.84 | 213.52 | 251.36 | OK | |
r-devel-linux-x86_64-fedora-clang | 1.2.2 | 426.02 | NOTE | |||
r-devel-linux-x86_64-fedora-gcc | 1.2.2 | 421.47 | OK | |||
r-devel-windows-ix86+x86_64 | 1.2.2 | 128.00 | 334.00 | 462.00 | NOTE | |
r-patched-linux-x86_64 | 1.2.2 | 42.81 | 277.09 | 319.90 | OK | |
r-patched-solaris-x86 | 1.2.2 | 528.70 | OK | |||
r-release-linux-x86_64 | 1.2.2 | 42.63 | 271.72 | 314.35 | OK | |
r-release-macos-x86_64 | 1.2.2 | OK | ||||
r-release-windows-ix86+x86_64 | 1.2.2 | 106.00 | 284.00 | 390.00 | NOTE | |
r-oldrel-macos-x86_64 | 1.2.2 | OK | ||||
r-oldrel-windows-ix86+x86_64 | 1.2.2 | 100.00 | 269.00 | 369.00 | OK |
Version: 1.2.2
Check: Rd cross-references
Result: NOTE
Undeclared package ‘FCPS’ in Rd xrefs
Flavor: r-devel-linux-x86_64-fedora-clang
Version: 1.2.2
Check: installed package size
Result: NOTE
installed size is 5.1Mb
sub-directories of 1Mb or more:
doc 1.7Mb
libs 2.1Mb
Flavors: r-devel-windows-ix86+x86_64, r-release-windows-ix86+x86_64