Last updated on 2023-06-07 06:57:45 CEST.
Flavor | Version | Tinstall | Tcheck | Ttotal | Status | Flags |
---|---|---|---|---|---|---|
r-devel-linux-x86_64-debian-clang | 1.0.6 | 14.22 | 150.93 | 165.15 | OK | |
r-devel-linux-x86_64-debian-gcc | 1.0.6 | 9.99 | 115.49 | 125.48 | OK | |
r-devel-linux-x86_64-fedora-clang | 1.0.6 | 212.94 | OK | |||
r-devel-linux-x86_64-fedora-gcc | 1.0.6 | 205.85 | OK | |||
r-devel-windows-x86_64 | 1.0.6 | 15.00 | 143.00 | 158.00 | OK | |
r-patched-linux-x86_64 | 1.0.6 | 20.18 | 142.49 | 162.67 | OK | |
r-release-linux-x86_64 | 1.0.6 | 13.42 | 145.85 | 159.27 | OK | |
r-release-macos-arm64 | 1.0.6 | 67.00 | OK | |||
r-release-macos-x86_64 | 1.0.6 | 130.00 | NOTE | |||
r-release-windows-x86_64 | 1.0.6 | 17.00 | 164.00 | 181.00 | OK | |
r-oldrel-macos-arm64 | 1.0.6 | 57.00 | OK | |||
r-oldrel-macos-x86_64 | 1.0.6 | 89.00 | OK | |||
r-oldrel-windows-x86_64 | 1.0.6 | 19.00 | 160.00 | 179.00 | OK |
Version: 1.0.6
Check: package dependencies
Result: NOTE
Packages suggested but not available for checking: 'EMD', 'astrochron'
Flavor: r-release-macos-x86_64