Last updated on 2023-02-07 00:54:13 CET.
Flavor | Version | Tinstall | Tcheck | Ttotal | Status | Flags |
---|---|---|---|---|---|---|
r-devel-linux-x86_64-debian-clang | 8.1.0 | 4.58 | 44.95 | 49.53 | OK | |
r-devel-linux-x86_64-debian-gcc | 8.1.0 | 3.17 | 28.80 | 31.97 | OK | |
r-devel-linux-x86_64-fedora-clang | 8.1.0 | 52.89 | NOTE | |||
r-devel-linux-x86_64-fedora-gcc | 8.1.0 | 55.00 | OK | |||
r-devel-windows-x86_64 | 8.1.0 | 22.00 | 74.00 | 96.00 | OK | |
r-patched-linux-x86_64 | 8.1.0 | 3.27 | 38.53 | 41.80 | WARN | |
r-release-linux-x86_64 | 8.1.0 | 3.63 | 38.65 | 42.28 | WARN | |
r-release-macos-arm64 | 8.1.0 | 24.00 | WARN | |||
r-release-macos-x86_64 | 8.1.0 | 33.00 | WARN | |||
r-release-windows-x86_64 | 8.0.3 | 26.00 | 79.00 | 105.00 | OK | |
r-oldrel-macos-arm64 | 8.1.0 | 34.00 | WARN | |||
r-oldrel-macos-x86_64 | 8.1.0 | 36.00 | WARN | |||
r-oldrel-windows-ix86+x86_64 | 8.1.0 | 17.00 | 103.00 | 120.00 | WARN |
Version: 8.1.0
Check: Rd cross-references
Result: NOTE
Undeclared packages ‘e1071’, ‘nloptr’ in Rd xrefs
Flavor: r-devel-linux-x86_64-fedora-clang
Version: 8.1.0
Check: compilation flags in Makevars
Result: WARN
Non-portable flags in variable ‘PKG_FFLAGS’:
-std=f2008
Flavors: r-patched-linux-x86_64, r-release-linux-x86_64, r-release-macos-arm64, r-release-macos-x86_64, r-oldrel-macos-arm64, r-oldrel-macos-x86_64, r-oldrel-windows-ix86+x86_64