CRAN Package Check Results for Package DemoDecomp

Last updated on 2023-12-04 07:50:52 CET.

Flavor Version Tinstall Tcheck Ttotal Status Flags
r-devel-linux-x86_64-debian-clang 1.0.1 2.43 26.99 29.42 NOTE
r-devel-linux-x86_64-debian-gcc 1.0.1 1.84 21.11 22.95 NOTE
r-devel-linux-x86_64-fedora-clang 1.0.1 36.61 NOTE
r-devel-linux-x86_64-fedora-gcc 1.0.1 35.06 NOTE
r-devel-windows-x86_64 1.0.1 3.00 44.00 47.00 NOTE
r-patched-linux-x86_64 1.0.1 2.60 26.25 28.85 NOTE
r-release-linux-x86_64 1.0.1 2.33 26.18 28.51 NOTE
r-release-macos-arm64 1.0.1 18.00 NOTE
r-release-macos-x86_64 1.0.1 24.00 NOTE
r-release-windows-x86_64 1.0.1 3.00 46.00 49.00 NOTE
r-oldrel-macos-arm64 1.0.1 24.00 OK
r-oldrel-macos-x86_64 1.0.1 23.00 OK
r-oldrel-windows-x86_64 1.0.1 4.00 46.00 50.00 OK

Check Details

Version: 1.0.1
Check: package subdirectories
Result: NOTE Problems with news in ‘NEWS.md’: Cannot extract version info from the following section titles: Changes from previous package DecompHoriuchi Flavors: r-devel-linux-x86_64-debian-clang, r-devel-linux-x86_64-debian-gcc, r-devel-linux-x86_64-fedora-clang, r-devel-linux-x86_64-fedora-gcc, r-devel-windows-x86_64, r-patched-linux-x86_64, r-release-linux-x86_64, r-release-macos-arm64, r-release-macos-x86_64, r-release-windows-x86_64