CRAN Package Check Results for Package DemografixeR

Last updated on 2022-06-26 01:48:47 CEST.

Flavor Version Tinstall Tcheck Ttotal Status Flags
r-devel-linux-x86_64-debian-clang 0.1.1 2.51 28.19 30.70 NOTE
r-devel-linux-x86_64-debian-gcc 0.1.1 1.58 21.88 23.46 NOTE
r-devel-linux-x86_64-fedora-clang 0.1.1 48.28 NOTE
r-devel-linux-x86_64-fedora-gcc 0.1.1 47.39 NOTE
r-devel-windows-x86_64 0.1.1 19.00 58.00 77.00 NOTE
r-patched-linux-x86_64 0.1.1 2.20 27.32 29.52 NOTE
r-release-linux-x86_64 0.1.1 1.98 27.68 29.66 NOTE
r-release-macos-arm64 0.1.1 21.00 NOTE
r-release-macos-x86_64 0.1.1 27.00 NOTE
r-release-windows-x86_64 0.1.1 30.00 60.00 90.00 NOTE
r-oldrel-macos-arm64 0.1.1 25.00 NOTE
r-oldrel-macos-x86_64 0.1.1 27.00 NOTE
r-oldrel-windows-ix86+x86_64 0.1.1 5.00 49.00 54.00 NOTE

Check Details

Version: 0.1.1
Check: LazyData
Result: NOTE
     'LazyData' is specified without a 'data' directory
Flavors: r-devel-linux-x86_64-debian-clang, r-devel-linux-x86_64-debian-gcc, r-devel-linux-x86_64-fedora-clang, r-devel-linux-x86_64-fedora-gcc, r-devel-windows-x86_64, r-patched-linux-x86_64, r-release-linux-x86_64, r-release-macos-arm64, r-release-macos-x86_64, r-release-windows-x86_64, r-oldrel-macos-arm64, r-oldrel-macos-x86_64, r-oldrel-windows-ix86+x86_64