Last updated on 2023-12-04 07:50:52 CET.
Flavor | Version | Tinstall | Tcheck | Ttotal | Status | Flags |
---|---|---|---|---|---|---|
r-devel-linux-x86_64-debian-clang | 1.2 | 3.42 | 277.03 | 280.45 | NOTE | |
r-devel-linux-x86_64-debian-gcc | 1.2 | 3.54 | 196.24 | 199.78 | NOTE | |
r-devel-linux-x86_64-fedora-clang | 1.2 | 334.82 | NOTE | |||
r-devel-linux-x86_64-fedora-gcc | 1.2 | 332.06 | NOTE | |||
r-devel-windows-x86_64 | 1.2 | 7.00 | 241.00 | 248.00 | NOTE | |
r-patched-linux-x86_64 | 1.2 | 5.12 | 246.93 | 252.05 | OK | |
r-release-linux-x86_64 | 1.2 | 4.51 | 246.02 | 250.53 | OK | |
r-release-macos-arm64 | 1.2 | 93.00 | NOTE | |||
r-release-macos-x86_64 | 1.2 | 189.00 | NOTE | |||
r-release-windows-x86_64 | 1.2 | 5.00 | 276.00 | 281.00 | NOTE | |
r-oldrel-macos-arm64 | 1.2 | 92.00 | NOTE | |||
r-oldrel-macos-x86_64 | 1.2 | 136.00 | NOTE | |||
r-oldrel-windows-x86_64 | 1.2 | 8.00 | 276.00 | 284.00 | NOTE |
Version: 1.2
Check: package namespace information
Result: NOTE
Found export directive that requires package ‘methods’:
‘exportClasses’
Remove all such namespace directives (if obsolete) or ensure that the
DESCRIPTION Depends or Imports field contains ‘methods’.
Flavors: r-devel-linux-x86_64-debian-clang, r-devel-linux-x86_64-debian-gcc, r-devel-linux-x86_64-fedora-clang, r-devel-linux-x86_64-fedora-gcc, r-devel-windows-x86_64
Version: 1.2
Check: installed package size
Result: NOTE
installed size is 7.2Mb
sub-directories of 1Mb or more:
doc 4.9Mb
extdata 2.1Mb
Flavors: r-devel-linux-x86_64-fedora-clang, r-devel-windows-x86_64, r-release-macos-arm64, r-release-macos-x86_64, r-release-windows-x86_64, r-oldrel-macos-arm64, r-oldrel-macos-x86_64, r-oldrel-windows-x86_64