CRAN Package Check Results for Package DescToolsAddIns

Last updated on 2020-09-19 00:50:03 CEST.

Flavor Version Tinstall Tcheck Ttotal Status Flags
r-devel-linux-x86_64-debian-clang 1.8 11.30 71.68 82.98 OK
r-devel-linux-x86_64-debian-gcc 1.8 8.30 55.58 63.88 OK
r-devel-linux-x86_64-fedora-clang 1.8 117.07 OK
r-devel-linux-x86_64-fedora-gcc 1.8 110.52 OK
r-devel-windows-ix86+x86_64 1.8 21.00 91.00 112.00 OK
r-patched-linux-x86_64 1.8 10.61 71.24 81.85 OK
r-patched-solaris-x86 1.8 147.70 OK
r-release-linux-x86_64 1.8 11.34 70.72 82.06 OK
r-release-macos-x86_64 1.8 OK
r-release-windows-ix86+x86_64 1.8 22.00 99.00 121.00 OK
r-oldrel-macos-x86_64 1.8 WARN
r-oldrel-windows-ix86+x86_64 1.8 19.00 74.00 93.00 OK

Check Details

Version: 1.8
Check: dependencies in R code
Result: NOTE
    No protocol specified
    No protocol specified
Flavor: r-oldrel-macos-x86_64

Version: 1.8
Check: S3 generic/method consistency
Result: WARN
    No protocol specified
    No protocol specified
    See section ‘Generic functions and methods’ in the ‘Writing R
    Extensions’ manual.
Flavor: r-oldrel-macos-x86_64

Version: 1.8
Check: replacement functions
Result: WARN
    No protocol specified
    No protocol specified
    The argument of a replacement function which corresponds to the right
    hand side must be named ‘value’.
Flavor: r-oldrel-macos-x86_64

Version: 1.8
Check: foreign function calls
Result: NOTE
    No protocol specified
    No protocol specified
    See chapter ‘System and foreign language interfaces’ in the ‘Writing R
    Extensions’ manual.
Flavor: r-oldrel-macos-x86_64

Version: 1.8
Check: R code for possible problems
Result: NOTE
    No protocol specified
    No protocol specified
Flavor: r-oldrel-macos-x86_64

Version: 1.8
Check: for missing documentation entries
Result: WARN
    No protocol specified
    No protocol specified
    All user-level objects in a package should have documentation entries.
    See chapter ‘Writing R documentation files’ in the ‘Writing R
    Extensions’ manual.
Flavor: r-oldrel-macos-x86_64

Version: 1.8
Check: for code/documentation mismatches
Result: WARN
    No protocol specified
    No protocol specified
    No protocol specified
    No protocol specified
    No protocol specified
    No protocol specified
Flavor: r-oldrel-macos-x86_64

Version: 1.8
Check: Rd \usage sections
Result: NOTE
    No protocol specified
    No protocol specified
    The \usage entries for S3 methods should use the \method markup and not
    their full name.
    See chapter ‘Writing R documentation files’ in the ‘Writing R
    Extensions’ manual.
Flavor: r-oldrel-macos-x86_64