Last updated on 2023-01-30 01:53:29 CET.
Flavor | Version | Tinstall | Tcheck | Ttotal | Status | Flags |
---|---|---|---|---|---|---|
r-devel-linux-x86_64-debian-clang | 0.2.7 | 6.48 | 74.91 | 81.39 | NOTE | |
r-devel-linux-x86_64-debian-gcc | 0.2.7 | 5.64 | 55.38 | 61.02 | NOTE | |
r-devel-linux-x86_64-fedora-clang | 0.2.7 | 104.44 | NOTE | |||
r-devel-linux-x86_64-fedora-gcc | 0.2.7 | 97.62 | NOTE | |||
r-devel-windows-x86_64 | 0.2.7 | 11.00 | 109.00 | 120.00 | NOTE | |
r-patched-linux-x86_64 | 0.2.7 | 5.99 | 70.39 | 76.38 | OK | |
r-release-linux-x86_64 | 0.2.7 | 6.28 | 71.03 | 77.31 | OK | |
r-release-macos-arm64 | 0.2.7 | 30.00 | OK | |||
r-release-macos-x86_64 | 0.2.7 | 61.00 | OK | |||
r-release-windows-x86_64 | 0.2.7 | 12.00 | 111.00 | 123.00 | OK | |
r-oldrel-macos-arm64 | 0.2.7 | 42.00 | OK | |||
r-oldrel-macos-x86_64 | 0.2.7 | 55.00 | OK | |||
r-oldrel-windows-ix86+x86_64 | 0.2.7 | 21.00 | 106.00 | 127.00 | OK |
Version: 0.2.7
Check: Rd files
Result: NOTE
checkRd: (-1) geom_axis.Rd:10: Escaped LaTeX specials: \_
Flavors: r-devel-linux-x86_64-debian-clang, r-devel-linux-x86_64-debian-gcc, r-devel-linux-x86_64-fedora-clang, r-devel-linux-x86_64-fedora-gcc, r-devel-windows-x86_64