CRAN Package Check Results for Package DesignCTPB

Last updated on 2022-06-27 01:49:49 CEST.

Flavor Version Tinstall Tcheck Ttotal Status Flags
r-devel-linux-x86_64-debian-clang 1.1.3 2.46 31.46 33.92 OK
r-devel-linux-x86_64-debian-gcc 1.1.3 1.76 24.33 26.09 OK
r-devel-linux-x86_64-fedora-clang 1.1.3 52.87 NOTE
r-devel-linux-x86_64-fedora-gcc 1.1.3 52.47 NOTE
r-devel-windows-x86_64 1.1.3 16.00 60.00 76.00 OK
r-patched-linux-x86_64 1.1.3 2.16 30.63 32.79 OK
r-release-linux-x86_64 1.1.3 2.34 29.77 32.11 OK
r-release-macos-arm64 1.1.3 20.00 NOTE
r-release-macos-x86_64 1.1.3 30.00 NOTE
r-release-windows-x86_64 1.1.3 20.00 59.00 79.00 OK
r-oldrel-macos-arm64 1.1.3 21.00 NOTE
r-oldrel-macos-x86_64 1.1.3 28.00 NOTE
r-oldrel-windows-ix86+x86_64 1.1.3 8.00 56.00 64.00 OK

Check Details

Version: 1.1.3
Check: dependencies in R code
Result: NOTE
    Namespace in Imports field not imported from: ‘dplyr’
     All declared Imports should be used.
Flavors: r-devel-linux-x86_64-fedora-clang, r-devel-linux-x86_64-fedora-gcc, r-release-macos-arm64, r-release-macos-x86_64, r-oldrel-macos-arm64, r-oldrel-macos-x86_64