CRAN Package Check Results for Package DetR

Last updated on 2020-07-05 01:49:08 CEST.

Flavor Version Tinstall Tcheck Ttotal Status Flags
r-devel-linux-x86_64-debian-clang 0.0.5 59.59 35.02 94.61 OK
r-devel-linux-x86_64-debian-gcc 0.0.5 44.93 29.63 74.56 OK
r-devel-linux-x86_64-fedora-clang 0.0.5 134.16 NOTE
r-devel-linux-x86_64-fedora-gcc 0.0.5 115.95 OK
r-devel-windows-ix86+x86_64 0.0.5 118.00 94.00 212.00 OK
r-patched-linux-x86_64 0.0.5 48.21 37.49 85.70 OK
r-patched-solaris-x86 0.0.5 113.00 OK
r-release-linux-x86_64 0.0.5 50.62 37.91 88.53 OK
r-release-osx-x86_64 0.0.5 NOTE
r-release-windows-ix86+x86_64 0.0.5 91.00 72.00 163.00 OK
r-oldrel-osx-x86_64 0.0.5 NOTE
r-oldrel-windows-ix86+x86_64 0.0.5 93.00 102.00 195.00 OK

Check Details

Version: 0.0.5
Check: installed package size
Result: NOTE
     installed size is 18.8Mb
     sub-directories of 1Mb or more:
     libs 18.0Mb
Flavors: r-devel-linux-x86_64-fedora-clang, r-release-osx-x86_64, r-oldrel-osx-x86_64