CRAN Package Check Results for Package DetR

Last updated on 2019-12-13 01:51:54 CET.

Flavor Version Tinstall Tcheck Ttotal Status Flags
r-devel-linux-x86_64-debian-clang 0.0.5 50.68 34.35 85.03 OK
r-devel-linux-x86_64-debian-gcc 0.0.5 41.88 28.79 70.67 OK
r-devel-linux-x86_64-fedora-clang 0.0.5 120.00 NOTE
r-devel-linux-x86_64-fedora-gcc 0.0.5 122.65 OK
r-devel-windows-ix86+x86_64 0.0.5 88.00 65.00 153.00 OK
r-devel-windows-ix86+x86_64-gcc8 0.0.5 86.00 98.00 184.00 OK
r-patched-linux-x86_64 0.0.5 44.17 32.99 77.16 OK
r-patched-solaris-x86 0.0.5 110.00 OK
r-release-linux-x86_64 0.0.5 48.57 33.05 81.62 OK
r-release-windows-ix86+x86_64 0.0.5 86.00 60.00 146.00 OK
r-release-osx-x86_64 0.0.5 NOTE
r-oldrel-windows-ix86+x86_64 0.0.5 77.00 63.00 140.00 OK
r-oldrel-osx-x86_64 0.0.5 NOTE

Check Details

Version: 0.0.5
Check: installed package size
Result: NOTE
     installed size is 18.6Mb
     sub-directories of 1Mb or more:
     libs 17.8Mb
Flavors: r-devel-linux-x86_64-fedora-clang, r-release-osx-x86_64, r-oldrel-osx-x86_64