CRAN Package Check Results for Package DiceDesign

Last updated on 2021-05-09 01:46:50 CEST.

Flavor Version Tinstall Tcheck Ttotal Status Flags
r-devel-linux-x86_64-debian-clang 1.9 6.75 64.91 71.66 OK
r-devel-linux-x86_64-debian-gcc 1.9 4.75 44.20 48.95 OK
r-devel-linux-x86_64-fedora-clang 1.9 85.26 OK
r-devel-linux-x86_64-fedora-gcc 1.9 76.58 OK
r-devel-windows-ix86+x86_64 1.9 13.00 105.00 118.00 OK
r-devel-windows-x86_64-gcc10-UCRT 1.9 OK
r-patched-linux-x86_64 1.9 6.95 58.98 65.93 OK
r-patched-solaris-x86 1.9 96.90 OK
r-release-linux-x86_64 1.9 5.34 58.59 63.93 OK
r-release-macos-x86_64 1.9 OK
r-release-windows-ix86+x86_64 1.9 11.00 83.00 94.00 OK
r-oldrel-macos-x86_64 1.9 OK
r-oldrel-windows-ix86+x86_64 1.9 13.00 5.00 18.00 ERROR

Check Details

Version: 1.9
Check: whether package can be installed
Result: ERROR
    Installation failed.
    See
Flavor: r-oldrel-windows-ix86+x86_64