CRAN Package Check Results for Package DiceOptim

Last updated on 2020-08-11 01:54:32 CEST.

Flavor Version Tinstall Tcheck Ttotal Status Flags
r-devel-linux-x86_64-debian-clang 2.0.1 8.09 78.53 86.62 OK
r-devel-linux-x86_64-debian-gcc 2.0.1 8.09 59.79 67.88 OK
r-devel-linux-x86_64-fedora-clang 2.0.1 110.22 NOTE
r-devel-linux-x86_64-fedora-gcc 2.0.1 99.22 NOTE
r-devel-windows-ix86+x86_64 2.0.1 25.00 169.00 194.00 OK
r-patched-linux-x86_64 2.0.1 8.95 78.51 87.46 OK
r-patched-solaris-x86 2.0.1 135.80 OK
r-release-linux-x86_64 2.0.1 10.07 77.47 87.54 OK
r-release-macos-x86_64 2.0.1 OK
r-release-windows-ix86+x86_64 2.0.1 24.00 168.00 192.00 OK
r-oldrel-macos-x86_64 2.0.1 OK
r-oldrel-windows-ix86+x86_64 2.0.1 17.00 125.00 142.00 OK

Check Details

Version: 2.0.1
Check: compiled code
Result: NOTE
    File ‘DiceOptim/libs/DiceOptim.so’:
     Found no calls to: ‘R_registerRoutines’, ‘R_useDynamicSymbols’
    
    It is good practice to register native routines and to disable symbol
    search.
    
    See ‘Writing portable packages’ in the ‘Writing R Extensions’ manual.
Flavors: r-devel-linux-x86_64-fedora-clang, r-devel-linux-x86_64-fedora-gcc