Last updated on 2023-03-23 06:52:18 CET.
Flavor | Version | Tinstall | Tcheck | Ttotal | Status | Flags |
---|---|---|---|---|---|---|
r-devel-linux-x86_64-debian-clang | 2.1-0 | 6.64 | 52.82 | 59.46 | OK | |
r-devel-linux-x86_64-debian-gcc | 2.1-0 | 5.38 | 40.30 | 45.68 | OK | |
r-devel-linux-x86_64-fedora-clang | 2.1-0 | 80.66 | OK | |||
r-devel-linux-x86_64-fedora-gcc | 2.1-0 | 112.28 | OK | |||
r-devel-windows-x86_64 | 2.1-0 | 22.00 | 92.00 | 114.00 | OK | |
r-patched-linux-x86_64 | 2.1-0 | 6.28 | 51.58 | 57.86 | OK | |
r-release-linux-x86_64 | 2.1-0 | 6.79 | 52.20 | 58.99 | OK | |
r-release-macos-arm64 | 2.1-0 | 39.00 | OK | |||
r-release-macos-x86_64 | 2.1-0 | 47.00 | NOTE | |||
r-release-windows-x86_64 | 2.1-0 | 28.00 | 127.00 | 155.00 | OK | |
r-oldrel-macos-arm64 | 2.1-0 | 35.00 | NOTE | |||
r-oldrel-macos-x86_64 | 2.1-0 | 51.00 | NOTE | |||
r-oldrel-windows-ix86+x86_64 | 2.1-0 | 13.00 | 77.00 | 90.00 | NOTE |
Version: 2.1-0
Check: package dependencies
Result: NOTE
Package suggested but not available for checking: ‘rlibkriging’
Flavors: r-release-macos-x86_64, r-oldrel-macos-arm64, r-oldrel-macos-x86_64, r-oldrel-windows-ix86+x86_64