CRAN Package Check Results for Package DiffusionRgqd

Last updated on 2020-07-03 01:49:01 CEST.

Flavor Version Tinstall Tcheck Ttotal Status Flags
r-devel-linux-x86_64-debian-clang 0.1.3 44.85 91.74 136.59 OK
r-devel-linux-x86_64-debian-gcc 0.1.3 33.05 70.35 103.40 OK
r-devel-linux-x86_64-fedora-clang 0.1.3 175.30 NOTE
r-devel-linux-x86_64-fedora-gcc 0.1.3 162.68 NOTE
r-devel-windows-ix86+x86_64 0.1.3 105.00 184.00 289.00 NOTE
r-patched-linux-x86_64 0.1.3 36.77 93.83 130.60 OK
r-patched-solaris-x86 0.1.3 181.40 NOTE
r-release-linux-x86_64 0.1.3 35.13 94.48 129.61 OK
r-release-osx-x86_64 0.1.3 NOTE
r-release-windows-ix86+x86_64 0.1.3 79.00 118.00 197.00 NOTE
r-oldrel-osx-x86_64 0.1.3 WARN
r-oldrel-windows-ix86+x86_64 0.1.3 93.00 200.00 293.00 NOTE

Additional issues

donttest

Check Details

Version: 0.1.3
Check: installed package size
Result: NOTE
     installed size is 6.8Mb
     sub-directories of 1Mb or more:
     doc 5.2Mb
Flavors: r-devel-linux-x86_64-fedora-clang, r-devel-windows-ix86+x86_64, r-patched-solaris-x86, r-release-osx-x86_64, r-release-windows-ix86+x86_64, r-oldrel-osx-x86_64, r-oldrel-windows-ix86+x86_64

Version: 0.1.3
Check: compiled code
Result: NOTE
    File ‘DiffusionRgqd/libs/DiffusionRgqd.so’:
     Found no calls to: ‘R_registerRoutines’, ‘R_useDynamicSymbols’
    
    It is good practice to register native routines and to disable symbol
    search.
    
    See ‘Writing portable packages’ in the ‘Writing R Extensions’ manual.
Flavors: r-devel-linux-x86_64-fedora-clang, r-devel-linux-x86_64-fedora-gcc

Version: 0.1.3
Check: whether package can be installed
Result: WARN
    Found the following significant warnings:
     Warning: 'rgl_init' failed, running with rgl.useNULL = TRUE
Flavor: r-oldrel-osx-x86_64