Last updated on 2019-12-06 00:49:53 CET.
Flavor | Version | Tinstall | Tcheck | Ttotal | Status | Flags |
---|---|---|---|---|---|---|
r-devel-linux-x86_64-debian-clang | 0.1.3 | 36.62 | 85.93 | 122.55 | OK | |
r-devel-linux-x86_64-debian-gcc | 0.1.3 | 29.45 | 67.01 | 96.46 | OK | |
r-devel-linux-x86_64-fedora-clang | 0.1.3 | 150.13 | NOTE | |||
r-devel-linux-x86_64-fedora-gcc | 0.1.3 | 145.30 | NOTE | |||
r-devel-windows-ix86+x86_64 | 0.1.3 | 76.00 | 119.00 | 195.00 | NOTE | |
r-devel-windows-ix86+x86_64-gcc8 | 0.1.3 | 78.00 | 122.00 | 200.00 | NOTE | |
r-patched-linux-x86_64 | 0.1.3 | 31.53 | 79.92 | 111.45 | OK | |
r-patched-solaris-x86 | 0.1.3 | 161.70 | NOTE | |||
r-release-linux-x86_64 | 0.1.3 | 35.21 | 79.41 | 114.62 | OK | |
r-release-windows-ix86+x86_64 | 0.1.3 | 63.00 | 119.00 | 182.00 | NOTE | |
r-release-osx-x86_64 | 0.1.3 | WARN | ||||
r-oldrel-windows-ix86+x86_64 | 0.1.3 | 60.00 | 109.00 | 169.00 | NOTE | |
r-oldrel-osx-x86_64 | 0.1.3 | NOTE |
Version: 0.1.3
Check: installed package size
Result: NOTE
installed size is 6.6Mb
sub-directories of 1Mb or more:
doc 5.2Mb
Flavors: r-devel-linux-x86_64-fedora-clang, r-devel-windows-ix86+x86_64, r-devel-windows-ix86+x86_64-gcc8, r-patched-solaris-x86, r-release-windows-ix86+x86_64, r-release-osx-x86_64, r-oldrel-windows-ix86+x86_64, r-oldrel-osx-x86_64
Version: 0.1.3
Check: compiled code
Result: NOTE
File ‘DiffusionRgqd/libs/DiffusionRgqd.so’:
Found no calls to: ‘R_registerRoutines’, ‘R_useDynamicSymbols’
It is good practice to register native routines and to disable symbol
search.
See ‘Writing portable packages’ in the ‘Writing R Extensions’ manual.
Flavors: r-devel-linux-x86_64-fedora-clang, r-devel-linux-x86_64-fedora-gcc
Version: 0.1.3
Check: whether package can be installed
Result: WARN
Found the following significant warnings:
Warning: 'rgl_init' failed, running with rgl.useNULL = TRUE
Flavor: r-release-osx-x86_64