CRAN Package Check Results for Package DirectEffects

Last updated on 2023-11-28 07:52:59 CET.

Flavor Version Tinstall Tcheck Ttotal Status Flags
r-devel-linux-x86_64-debian-clang 0.2.1 3.22 50.88 54.10 OK
r-devel-linux-x86_64-debian-gcc 0.2.1 2.42 37.64 40.06 OK
r-devel-linux-x86_64-fedora-clang 0.2.1 67.04 NOTE
r-devel-linux-x86_64-fedora-gcc 0.2.1 74.83 NOTE
r-devel-windows-x86_64 0.2.1 4.00 68.00 72.00 OK
r-patched-linux-x86_64 0.2.1 2.80 48.85 51.65 OK
r-release-linux-x86_64 0.2.1 3.30 48.78 52.08 OK
r-release-macos-arm64 0.2.1 32.00 OK
r-release-macos-x86_64 0.2.1 47.00 OK
r-release-windows-x86_64 0.2.1 4.00 69.00 73.00 OK
r-oldrel-macos-arm64 0.2.1 26.00 OK
r-oldrel-macos-x86_64 0.2.1 32.00 NOTE
r-oldrel-windows-x86_64 0.2.1 5.00 68.00 73.00 OK

Check Details

Version: 0.2.1
Check: dependencies in R code
Result: NOTE Namespace in Imports field not imported from: ‘sandwich’ All declared Imports should be used. Flavors: r-devel-linux-x86_64-fedora-clang, r-devel-linux-x86_64-fedora-gcc, r-oldrel-macos-x86_64