CRAN Package Check Results for Package DirectEffects

Last updated on 2020-08-08 02:02:59 CEST.

Flavor Version Tinstall Tcheck Ttotal Status Flags
r-devel-linux-x86_64-debian-clang 0.2 2.77 44.62 47.39 OK
r-devel-linux-x86_64-debian-gcc 0.2 2.31 33.76 36.07 OK
r-devel-linux-x86_64-fedora-clang 0.2 66.12 NOTE
r-devel-linux-x86_64-fedora-gcc 0.2 57.56 NOTE
r-devel-windows-ix86+x86_64 0.2 10.00 76.00 86.00 OK
r-patched-linux-x86_64 0.2 2.67 45.43 48.10 OK
r-patched-solaris-x86 0.2 78.50 NOTE
r-release-linux-x86_64 0.2 2.70 44.90 47.60 OK
r-release-macos-x86_64 0.2 NOTE
r-release-windows-ix86+x86_64 0.2 9.00 51.00 60.00 OK
r-oldrel-macos-x86_64 0.2 NOTE
r-oldrel-windows-ix86+x86_64 0.2 5.00 54.00 59.00 OK

Check Details

Version: 0.2
Check: dependencies in R code
Result: NOTE
    Namespace in Imports field not imported from: ‘sandwich’
     All declared Imports should be used.
Flavors: r-devel-linux-x86_64-fedora-clang, r-devel-linux-x86_64-fedora-gcc, r-patched-solaris-x86, r-release-macos-x86_64, r-oldrel-macos-x86_64