CRAN Package Check Results for Package DistributionOptimization

Last updated on 2021-07-24 01:50:00 CEST.

Flavor Version Tinstall Tcheck Ttotal Status Flags
r-devel-linux-x86_64-debian-clang 1.2.6 6.86 59.73 66.59 NOTE
r-devel-linux-x86_64-debian-gcc 1.2.6 5.34 45.32 50.66 NOTE
r-devel-linux-x86_64-fedora-clang 1.2.6 86.35 NOTE
r-devel-linux-x86_64-fedora-gcc 1.2.6 75.52 NOTE
r-devel-windows-x86_64 1.2.6 9.00 57.00 66.00 NOTE
r-devel-windows-x86_64-gcc10-UCRT 1.2.6 NOTE
r-patched-linux-x86_64 1.2.6 6.58 55.95 62.53 NOTE
r-patched-solaris-x86 1.2.6 106.60 NOTE
r-release-linux-x86_64 1.2.6 4.92 55.94 60.86 NOTE
r-release-macos-arm64 1.2.6 NOTE
r-release-macos-x86_64 1.2.6 NOTE
r-release-windows-ix86+x86_64 1.2.6 17.00 57.00 74.00 NOTE
r-oldrel-macos-x86_64 1.2.6 OK
r-oldrel-windows-ix86+x86_64 1.2.6 19.00 74.00 93.00 OK

Check Details

Version: 1.2.6
Check: LazyData
Result: NOTE
     'LazyData' is specified without a 'data' directory
Flavors: r-devel-linux-x86_64-debian-clang, r-devel-linux-x86_64-debian-gcc, r-devel-linux-x86_64-fedora-clang, r-devel-linux-x86_64-fedora-gcc, r-devel-windows-x86_64, r-devel-windows-x86_64-gcc10-UCRT, r-patched-linux-x86_64, r-patched-solaris-x86, r-release-linux-x86_64, r-release-macos-arm64, r-release-macos-x86_64, r-release-windows-ix86+x86_64