Last updated on 2023-01-30 01:53:30 CET.
Flavor | Version | Tinstall | Tcheck | Ttotal | Status | Flags |
---|---|---|---|---|---|---|
r-devel-linux-x86_64-debian-clang | 1.0 | 5.42 | 56.31 | 61.73 | NOTE | |
r-devel-linux-x86_64-debian-gcc | 1.0 | 6.22 | 43.22 | 49.44 | NOTE | |
r-devel-linux-x86_64-fedora-clang | 1.0 | 81.02 | NOTE | |||
r-devel-linux-x86_64-fedora-gcc | 1.0 | 75.96 | NOTE | |||
r-devel-windows-x86_64 | 1.0 | 11.00 | 88.00 | 99.00 | NOTE | |
r-patched-linux-x86_64 | 1.0 | 8.71 | 53.75 | 62.46 | NOTE | |
r-release-linux-x86_64 | 1.0 | 6.93 | 55.09 | 62.02 | NOTE | |
r-release-macos-arm64 | 1.0 | 23.00 | NOTE | |||
r-release-macos-x86_64 | 1.0 | 33.00 | NOTE | |||
r-release-windows-x86_64 | 1.0 | 25.00 | 92.00 | 117.00 | NOTE | |
r-oldrel-macos-arm64 | 1.0 | 25.00 | NOTE | |||
r-oldrel-macos-x86_64 | 1.0 | 33.00 | NOTE | |||
r-oldrel-windows-ix86+x86_64 | 1.0 | 15.00 | 82.00 | 97.00 | NOTE |
Version: 1.0
Check: package dependencies
Result: NOTE
Package which this enhances but not available for checking: ‘gurobi’
Flavors: r-devel-linux-x86_64-debian-clang, r-devel-linux-x86_64-debian-gcc, r-devel-linux-x86_64-fedora-clang, r-devel-linux-x86_64-fedora-gcc, r-devel-windows-x86_64, r-patched-linux-x86_64, r-release-linux-x86_64, r-release-macos-arm64, r-release-macos-x86_64, r-release-windows-x86_64, r-oldrel-macos-arm64, r-oldrel-macos-x86_64, r-oldrel-windows-ix86+x86_64