Last updated on 2021-04-18 01:49:17 CEST.
Flavor | Version | Tinstall | Tcheck | Ttotal | Status | Flags |
---|---|---|---|---|---|---|
r-devel-linux-x86_64-debian-clang | 0.11 | 5.28 | 92.52 | 97.80 | NOTE | |
r-devel-linux-x86_64-debian-gcc | 0.11 | 5.17 | 71.28 | 76.45 | NOTE | |
r-devel-linux-x86_64-fedora-clang | 0.11 | 125.69 | NOTE | |||
r-devel-linux-x86_64-fedora-gcc | 0.11 | 124.82 | NOTE | |||
r-devel-windows-ix86+x86_64 | 0.11 | 22.00 | 122.00 | 144.00 | NOTE | |
r-devel-windows-x86_64-gcc10-UCRT | 0.11 | NOTE | ||||
r-patched-linux-x86_64 | 0.11 | 6.54 | 85.48 | 92.02 | OK | |
r-patched-solaris-x86 | 0.11 | 173.60 | OK | |||
r-release-linux-x86_64 | 0.11 | 6.67 | 85.61 | 92.28 | OK | |
r-release-macos-x86_64 | 0.11 | OK | ||||
r-release-windows-ix86+x86_64 | 0.11 | 37.00 | 124.00 | 161.00 | OK | |
r-oldrel-macos-x86_64 | 0.11 | OK | ||||
r-oldrel-windows-ix86+x86_64 | 0.11 | 13.00 | 108.00 | 121.00 | OK |
Version: 0.11
Check: LazyData
Result: NOTE
'LazyData' is specified without a 'data' directory
Flavors: r-devel-linux-x86_64-debian-clang, r-devel-linux-x86_64-debian-gcc, r-devel-linux-x86_64-fedora-clang, r-devel-linux-x86_64-fedora-gcc, r-devel-windows-ix86+x86_64, r-devel-windows-x86_64-gcc10-UCRT