CRAN Package Check Results for Package DoE.wrapper

Last updated on 2023-02-07 00:54:14 CET.

Flavor Version Tinstall Tcheck Ttotal Status Flags
r-devel-linux-x86_64-debian-clang 0.11 7.73 112.28 120.01 NOTE
r-devel-linux-x86_64-debian-gcc 0.11 5.79 84.35 90.14 NOTE
r-devel-linux-x86_64-fedora-clang 0.11 147.22 NOTE
r-devel-linux-x86_64-fedora-gcc 0.11 170.27 NOTE
r-devel-windows-x86_64 0.11 20.00 138.00 158.00 NOTE
r-patched-linux-x86_64 0.11 11.66 107.05 118.71 NOTE
r-release-linux-x86_64 0.11 7.60 107.38 114.98 NOTE
r-release-macos-arm64 0.11 43.00 NOTE
r-release-macos-x86_64 0.11 61.00 NOTE
r-release-windows-x86_64 0.11 19.00 149.00 168.00 NOTE
r-oldrel-macos-arm64 0.11 48.00 NOTE
r-oldrel-macos-x86_64 0.11 66.00 NOTE
r-oldrel-windows-ix86+x86_64 0.11 24.00 144.00 168.00 NOTE

Check Details

Version: 0.11
Check: LazyData
Result: NOTE
     'LazyData' is specified without a 'data' directory
Flavors: r-devel-linux-x86_64-debian-clang, r-devel-linux-x86_64-debian-gcc, r-devel-linux-x86_64-fedora-clang, r-devel-linux-x86_64-fedora-gcc, r-devel-windows-x86_64, r-patched-linux-x86_64, r-release-linux-x86_64, r-release-macos-arm64, r-release-macos-x86_64, r-release-windows-x86_64, r-oldrel-macos-arm64, r-oldrel-macos-x86_64, r-oldrel-windows-ix86+x86_64