CRAN Package Check Results for Package DoE.wrapper

Last updated on 2021-11-30 00:51:27 CET.

Flavor Version Tinstall Tcheck Ttotal Status Flags
r-devel-linux-x86_64-debian-clang 0.11 6.64 92.25 98.89 NOTE
r-devel-linux-x86_64-debian-gcc 0.11 4.62 71.78 76.40 NOTE
r-devel-linux-x86_64-fedora-clang 0.11 128.57 NOTE
r-devel-linux-x86_64-fedora-gcc 0.11 129.71 NOTE
r-devel-windows-x86_64-new-UL 0.11 17.00 143.00 160.00 NOTE
r-devel-windows-x86_64-new-TK 0.11 NOTE
r-devel-windows-x86_64-old 0.11 15.00 88.00 103.00 NOTE
r-patched-linux-x86_64 0.11 9.99 87.70 97.69 NOTE
r-patched-solaris-x86 0.11 172.80 NOTE
r-release-linux-x86_64 0.11 5.56 87.97 93.53 NOTE
r-release-macos-arm64 0.11 NOTE
r-release-macos-x86_64 0.11 NOTE
r-release-windows-ix86+x86_64 0.11 22.00 118.00 140.00 NOTE
r-oldrel-macos-x86_64 0.11 OK
r-oldrel-windows-ix86+x86_64 0.11 15.00 88.00 103.00 OK

Check Details

Version: 0.11
Check: LazyData
Result: NOTE
     'LazyData' is specified without a 'data' directory
Flavors: r-devel-linux-x86_64-debian-clang, r-devel-linux-x86_64-debian-gcc, r-devel-linux-x86_64-fedora-clang, r-devel-linux-x86_64-fedora-gcc, r-devel-windows-x86_64-new-UL, r-devel-windows-x86_64-new-TK, r-devel-windows-x86_64-old, r-patched-linux-x86_64, r-patched-solaris-x86, r-release-linux-x86_64, r-release-macos-arm64, r-release-macos-x86_64, r-release-windows-ix86+x86_64