CRAN Package Check Results for Package DoubleML

Last updated on 2022-08-15 02:53:41 CEST.

Flavor Version Tinstall Tcheck Ttotal Status Flags
r-devel-linux-x86_64-debian-clang 0.5.0 17.04 370.72 387.76 NOTE
r-devel-linux-x86_64-debian-gcc 0.5.0 11.06 264.31 275.37 NOTE
r-devel-linux-x86_64-fedora-clang 0.5.0 451.63 OK
r-devel-linux-x86_64-fedora-gcc 0.5.0 453.32 NOTE
r-devel-windows-x86_64 0.5.0 56.00 409.00 465.00 OK
r-patched-linux-x86_64 0.5.0 16.60 331.07 347.67 OK
r-release-linux-x86_64 0.5.0 14.55 330.75 345.30 OK
r-release-macos-arm64 0.5.0 117.00 OK
r-release-macos-x86_64 0.5.0 147.00 OK
r-release-windows-x86_64 0.5.0 54.00 409.00 463.00 OK
r-oldrel-macos-arm64 0.5.0 114.00 OK
r-oldrel-macos-x86_64 0.5.0 143.00 OK
r-oldrel-windows-ix86+x86_64 0.5.0 27.00 427.00 454.00 OK

Check Details

Version: 0.5.0
Check: HTML version of manual
Result: NOTE
    Found the following HTML validation problems:
    DoubleMLIIVM.html:112:6: Warning: missing </span> before <p>
    DoubleMLIIVM.html:112:94: Warning: inserting implicit <span>
    DoubleMLIIVM.html:115:6: Warning: missing </span> before <p>
    DoubleMLIIVM.html:115:92: Warning: inserting implicit <span>
    DoubleMLIIVM.html:118:6: Warning: missing </span> before <p>
    DoubleMLIIVM.html:118:88: Warning: inserting implicit <span>
    DoubleMLIIVM.html:121:6: Warning: missing </span> before <p>
    DoubleMLIIVM.html:121:95: Warning: inserting implicit <span>
    DoubleMLIIVM.html:124:6: Warning: missing </span> before <p>
    DoubleMLIIVM.html:124:98: Warning: inserting implicit <span>
    DoubleMLIIVM.html:127:6: Warning: missing </span> before <p>
    DoubleMLIIVM.html:127:93: Warning: inserting implicit <span>
    DoubleMLIIVM.html:130:6: Warning: missing </span> before <p>
    DoubleMLIIVM.html:130:97: Warning: inserting implicit <span>
    DoubleMLIIVM.html:133:6: Warning: missing </span> before <p>
    DoubleMLIIVM.html:133:90: Warning: inserting implicit <span>
    DoubleMLIIVM.html:136:6: Warning: missing </span> before <p>
    DoubleMLIIVM.html:136:107: Warning: inserting implicit <span>
    DoubleMLIIVM.html:139:6: Warning: missing </span> before <p>
    DoubleMLIIVM.html:139:105: Warning: inserting implicit <span>
    DoubleMLIIVM.html:142:6: Warning: missing </span> before <p>
    DoubleMLIIVM.html:142:98: Warning: inserting implicit <span>
    DoubleMLIIVM.html:145:6: Warning: missing </span> before <p>
    DoubleMLIIVM.html:145:92: Warning: inserting implicit <span>
    DoubleMLIIVM.html:148:6: Warning: missing </span> before <p>
    DoubleMLIIVM.html:148:89: Warning: inserting implicit <span>
    DoubleMLIIVM.html:112:6: Warning: trimming empty <span>
    DoubleMLIIVM.html:115:6: Warning: trimming empty <span>
    DoubleMLIIVM.html:118:6: Warning: trimming empty <span>
    DoubleMLIIVM.html:121:6: Warning: trimming empty <span>
    DoubleMLIIVM.html:124:6: Warning: trimming empty <span>
    DoubleMLIIVM.html:127:6: Warning: trimming empty <span>
    DoubleMLIIVM.html:130:6: Warning: trimming empty <span>
    DoubleMLIIVM.html:133:6: Warning: trimming empty <span>
    DoubleMLIIVM.html:136:6: Warning: trimming empty <span>
    DoubleMLIIVM.html:139:6: Warning: trimming empty <span>
    DoubleMLIIVM.html:142:6: Warning: trimming empty <span>
    DoubleMLIIVM.html:145:6: Warning: trimming empty <span>
    DoubleMLIIVM.html:148:6: Warning: trimming empty <span>
    DoubleMLIRM.html:97:6: Warning: missing </span> before <p>
    DoubleMLIRM.html:97:94: Warning: inserting implicit <span>
    DoubleMLIRM.html:100:6: Warning: missing </span> before <p>
    DoubleMLIRM.html:100:92: Warning: inserting implicit <span>
    DoubleMLIRM.html:103:6: Warning: missing </span> before <p>
    DoubleMLIRM.html:103:88: Warning: inserting implicit <span>
    DoubleMLIRM.html:106:6: Warning: missing </span> before <p>
    DoubleMLIRM.html:106:95: Warning: inserting implicit <span>
    DoubleMLIRM.html:109:6: Warning: missing </span> before <p>
    DoubleMLIRM.html:109:98: Warning: inserting implicit <span>
    DoubleMLIRM.html:112:6: Warning: missing </span> before <p>
    DoubleMLIRM.html:112:93: Warning: inserting implicit <span>
    DoubleMLIRM.html:115:6: Warning: missing </span> before <p>
    DoubleMLIRM.html:115:97: Warning: inserting implicit <span>
    DoubleMLIRM.html:118:6: Warning: missing </span> before <p>
    DoubleMLIRM.html:118:90: Warning: inserting implicit <span>
    DoubleMLIRM.html:121:6: Warning: missing </span> before <p>
    DoubleMLIRM.html:121:107: Warning: inserting implicit <span>
    DoubleMLIRM.html:124:6: Warning: missing </span> before <p>
    DoubleMLIRM.html:124:105: Warning: inserting implicit <span>
    DoubleMLIRM.html:127:6: Warning: missing </span> before <p>
    DoubleMLIRM.html:127:98: Warning: inserting implicit <span>
    DoubleMLIRM.html:130:6: Warning: missing </span> before <p>
    DoubleMLIRM.html:130:92: Warning: inserting implicit <span>
    DoubleMLIRM.html:133:6: Warning: missing </span> before <p>
    DoubleMLIRM.html:133:89: Warning: inserting implicit <span>
    DoubleMLIRM.html:97:6: Warning: trimming empty <span>
    DoubleMLIRM.html:100:6: Warning: trimming empty <span>
    DoubleMLIRM.html:103:6: Warning: trimming empty <span>
    DoubleMLIRM.html:106:6: Warning: trimming empty <span>
    DoubleMLIRM.html:109:6: Warning: trimming empty <span>
    DoubleMLIRM.html:112:6: Warning: trimming empty <span>
    DoubleMLIRM.html:115:6: Warning: trimming empty <span>
    DoubleMLIRM.html:118:6: Warning: trimming empty <span>
    DoubleMLIRM.html:121:6: Warning: trimming empty <span>
    DoubleMLIRM.html:124:6: Warning: trimming empty <span>
    DoubleMLIRM.html:127:6: Warning: trimming empty <span>
    DoubleMLIRM.html:130:6: Warning: trimming empty <span>
    DoubleMLIRM.html:133:6: Warning: trimming empty <span>
    DoubleMLPLIV.html:93:6: Warning: missing </span> before <p>
    DoubleMLPLIV.html:93:94: Warning: inserting implicit <span>
    DoubleMLPLIV.html:96:6: Warning: missing </span> before <p>
    DoubleMLPLIV.html:96:92: Warning: inserting implicit <span>
    DoubleMLPLIV.html:99:6: Warning: missing </span> before <p>
    DoubleMLPLIV.html:99:88: Warning: inserting implicit <span>
    DoubleMLPLIV.html:102:6: Warning: missing </span> before <p>
    DoubleMLPLIV.html:102:95: Warning: inserting implicit <span>
    DoubleMLPLIV.html:105:6: Warning: missing </span> before <p>
    DoubleMLPLIV.html:105:98: Warning: inserting implicit <span>
    DoubleMLPLIV.html:108:6: Warning: missing </span> before <p>
    DoubleMLPLIV.html:108:93: Warning: inserting implicit <span>
    DoubleMLPLIV.html:111:6: Warning: missing </span> before <p>
    DoubleMLPLIV.html:111:97: Warning: inserting implicit <span>
    DoubleMLPLIV.html:114:6: Warning: missing </span> before <p>
    DoubleMLPLIV.html:114:90: Warning: inserting implicit <span>
    DoubleMLPLIV.html:117:6: Warning: missing </span> before <p>
    DoubleMLPLIV.html:117:105: Warning: inserting implicit <span>
    DoubleMLPLIV.html:120:6: Warning: missing </span> before <p>
    DoubleMLPLIV.html:120:98: Warning: inserting implicit <span>
    DoubleMLPLIV.html:123:6: Warning: missing </span> before <p>
    DoubleMLPLIV.html:123:92: Warning: inserting implicit <span>
    DoubleMLPLIV.html:93:6: Warning: trimming empty <span>
    DoubleMLPLIV.html:96:6: Warning: trimming empty <span>
    DoubleMLPLIV.html:99:6: Warning: trimming empty <span>
    DoubleMLPLIV.html:102:6: Warning: trimming empty <span>
    DoubleMLPLIV.html:105:6: Warning: trimming empty <span>
    DoubleMLPLIV.html:108:6: Warning: trimming empty <span>
    DoubleMLPLIV.html:111:6: Warning: trimming empty <span>
    DoubleMLPLIV.html:114:6: Warning: trimming empty <span>
    DoubleMLPLIV.html:117:6: Warning: trimming empty <span>
    DoubleMLPLIV.html:120:6: Warning: trimming empty <span>
    DoubleMLPLIV.html:123:6: Warning: trimming empty <span>
    DoubleMLPLR.html:80:6: Warning: missing </span> before <p>
    DoubleMLPLR.html:80:94: Warning: inserting implicit <span>
    DoubleMLPLR.html:83:6: Warning: missing </span> before <p>
    DoubleMLPLR.html:83:92: Warning: inserting implicit <span>
    DoubleMLPLR.html:86:6: Warning: missing </span> before <p>
    DoubleMLPLR.html:86:88: Warning: inserting implicit <span>
    DoubleMLPLR.html:89:6: Warning: missing </span> before <p>
    DoubleMLPLR.html:89:95: Warning: inserting implicit <span>
    DoubleMLPLR.html:92:6: Warning: missing </span> before <p>
    DoubleMLPLR.html:92:98: Warning: inserting implicit <span>
    DoubleMLPLR.html:95:6: Warning: missing </span> before <p>
    DoubleMLPLR.html:95:93: Warning: inserting implicit <span>
    DoubleMLPLR.html:98:6: Warning: missing </span> before <p>
    DoubleMLPLR.html:98:97: Warning: inserting implicit <span>
    DoubleMLPLR.html:101:6: Warning: missing </span> before <p>
    DoubleMLPLR.html:101:90: Warning: inserting implicit <span>
    DoubleMLPLR.html:104:6: Warning: missing </span> before <p>
    DoubleMLPLR.html:104:105: Warning: inserting implicit <span>
    DoubleMLPLR.html:107:6: Warning: missing </span> before <p>
    DoubleMLPLR.html:107:98: Warning: inserting implicit <span>
    DoubleMLPLR.html:110:6: Warning: missing </span> before <p>
    DoubleMLPLR.html:110:92: Warning: inserting implicit <span>
    DoubleMLPLR.html:80:6: Warning: trimming empty <span>
    DoubleMLPLR.html:83:6: Warning: trimming empty <span>
    DoubleMLPLR.html:86:6: Warning: trimming empty <span>
    DoubleMLPLR.html:89:6: Warning: trimming empty <span>
    DoubleMLPLR.html:92:6: Warning: trimming empty <span>
    DoubleMLPLR.html:95:6: Warning: trimming empty <span>
    DoubleMLPLR.html:98:6: Warning: trimming empty <span>
    DoubleMLPLR.html:101:6: Warning: trimming empty <span>
    DoubleMLPLR.html:104:6: Warning: trimming empty <span>
    DoubleMLPLR.html:107:6: Warning: trimming empty <span>
    DoubleMLPLR.html:110:6: Warning: trimming empty <span>
Flavors: r-devel-linux-x86_64-debian-clang, r-devel-linux-x86_64-debian-gcc, r-devel-linux-x86_64-fedora-gcc