CRAN Package Check Results for Package DstarM

Last updated on 2019-12-05 00:51:52 CET.

Flavor Version Tinstall Tcheck Ttotal Status Flags
r-devel-linux-x86_64-debian-clang 0.3.0 33.17 50.18 83.35 OK
r-devel-linux-x86_64-debian-gcc 0.3.0 25.32 37.92 63.24 OK
r-devel-linux-x86_64-fedora-clang 0.3.0 107.82 NOTE
r-devel-linux-x86_64-fedora-gcc 0.3.0 103.43 NOTE
r-devel-windows-ix86+x86_64 0.3.0 66.00 98.00 164.00 OK
r-devel-windows-ix86+x86_64-gcc8 0.3.0 69.00 102.00 171.00 OK
r-patched-linux-x86_64 0.3.0 27.98 45.98 73.96 OK
r-patched-solaris-x86 0.3.0 112.40 NOTE
r-release-linux-x86_64 0.3.0 27.39 48.71 76.10 OK
r-release-windows-ix86+x86_64 0.3.0 63.00 88.00 151.00 OK
r-release-osx-x86_64 0.3.0 NOTE
r-oldrel-windows-ix86+x86_64 0.3.0 54.00 87.00 141.00 OK
r-oldrel-osx-x86_64 0.3.0 NOTE

Check Details

Version: 0.3.0
Check: dependencies in R code
Result: NOTE
    Namespace in Imports field not imported from: ‘Rcpp’
     All declared Imports should be used.
Flavors: r-devel-linux-x86_64-fedora-clang, r-devel-linux-x86_64-fedora-gcc, r-patched-solaris-x86, r-release-osx-x86_64, r-oldrel-osx-x86_64