CRAN Package Check Results for Package DstarM

Last updated on 2020-07-13 01:48:43 CEST.

Flavor Version Tinstall Tcheck Ttotal Status Flags
r-devel-linux-x86_64-debian-clang 0.3.0 39.62 47.66 87.28 OK
r-devel-linux-x86_64-debian-gcc 0.3.0 28.53 36.04 64.57 OK
r-devel-linux-x86_64-fedora-clang 0.3.0 121.03 NOTE
r-devel-linux-x86_64-fedora-gcc 0.3.0 111.25 NOTE
r-devel-windows-ix86+x86_64 0.3.0 71.00 111.00 182.00 OK
r-patched-linux-x86_64 0.3.0 29.97 46.64 76.61 OK
r-patched-solaris-x86 0.3.0 116.70 NOTE
r-release-linux-x86_64 0.3.0 33.02 46.49 79.51 OK
r-release-macos-x86_64 0.3.0 NOTE
r-release-windows-ix86+x86_64 0.3.0 99.00 136.00 235.00 OK
r-oldrel-macos-x86_64 0.3.0 NOTE
r-oldrel-windows-ix86+x86_64 0.3.0 88.00 88.00 176.00 OK

Check Details

Version: 0.3.0
Check: dependencies in R code
Result: NOTE
    Namespace in Imports field not imported from: ‘Rcpp’
     All declared Imports should be used.
Flavors: r-devel-linux-x86_64-fedora-clang, r-devel-linux-x86_64-fedora-gcc, r-patched-solaris-x86, r-release-macos-x86_64, r-oldrel-macos-x86_64