CRAN Package Check Results for Package E4tools

Last updated on 2020-08-09 01:48:25 CEST.

Flavor Version Tinstall Tcheck Ttotal Status Flags
r-devel-linux-x86_64-debian-clang 0.1.1 4.60 46.43 51.03 OK
r-devel-linux-x86_64-debian-gcc 0.1.1 4.09 35.02 39.11 OK
r-devel-linux-x86_64-fedora-clang 0.1.1 68.84 NOTE
r-devel-linux-x86_64-fedora-gcc 0.1.1 59.09 NOTE
r-devel-windows-ix86+x86_64 0.1.1 15.00 85.00 100.00 OK
r-patched-linux-x86_64 0.1.1 5.44 44.47 49.91 OK
r-patched-solaris-x86 0.1.1 90.70 NOTE
r-release-linux-x86_64 0.1.1 3.85 44.18 48.03 OK
r-release-macos-x86_64 0.1.1 NOTE
r-release-windows-ix86+x86_64 0.1.1 15.00 84.00 99.00 OK
r-oldrel-macos-x86_64 0.1.1 NOTE
r-oldrel-windows-ix86+x86_64 0.1.1 7.00 64.00 71.00 OK

Check Details

Version: 0.1.1
Check: installed package size
Result: NOTE
     installed size is 5.1Mb
     sub-directories of 1Mb or more:
     extdata 4.8Mb
Flavors: r-devel-linux-x86_64-fedora-clang, r-patched-solaris-x86

Version: 0.1.1
Check: dependencies in R code
Result: NOTE
    Namespace in Imports field not imported from: ‘hms’
     All declared Imports should be used.
Flavors: r-devel-linux-x86_64-fedora-clang, r-devel-linux-x86_64-fedora-gcc, r-patched-solaris-x86, r-release-macos-x86_64, r-oldrel-macos-x86_64